{"id":47420,"date":"2017-10-30T13:02:10","date_gmt":"2017-10-30T13:02:10","guid":{"rendered":"http:\/\/test.uni.edu.py\/?page_id=47420"},"modified":"2023-08-01T11:00:25","modified_gmt":"2023-08-01T15:00:25","slug":"galeria-de-audio","status":"publish","type":"page","link":"https:\/\/archivo.uni.edu.py\/2018-2023\/galeria-de-audio\/","title":{"rendered":"Galeria de audio"},"content":{"rendered":"<h3>XXV Jornadas de J\u00f3venes Investigadores &#8211; AUGM<\/h3>\n<!--[if lt IE 9]><script>document.createElement('audio');<\/script><![endif]-->\n\t<div class=\"wp-playlist wp-audio-playlist wp-playlist-light\">\n\t\t\t<div class=\"wp-playlist-current-item\"><\/div>\n\t\t<audio controls=\"controls\" preload=\"none\" width=\"778\"\n\t\t\t><\/audio>\n\t<div class=\"wp-playlist-next\"><\/div>\n\t<div class=\"wp-playlist-prev\"><\/div>\n\t<noscript>\n\t<ol>\n\t\t<li><a href='https:\/\/archivo.uni.edu.py\/2018-2023\/wp-content\/uploads\/2017\/10\/Discurso-apertura-Rector-Hildegardo-Gonz\u00e1lez-XXV-Jornadas-de-J\u00f3venes-Investigadors-de-la-AUGM.m4a'>Discurso apertura Rector, Hildegardo Gonz\u00e1lez<\/a><\/li><li><a href='https:\/\/archivo.uni.edu.py\/2018-2023\/wp-content\/uploads\/2017\/10\/Discurso-apertura-secretario-ejecutivo-\u00c1lvaro-Magglia-XXV-Jornadas-de-J\u00f3venes-Investigadors-de-la-AUGM.m4a'>Discurso apertura secretario ejecutivo, \u00c1lvaro Maglia<\/a><\/li><li><a href='https:\/\/archivo.uni.edu.py\/2018-2023\/wp-content\/uploads\/2017\/10\/Conferencia-ministro-de-Educaci\u00f3n-y-Ciencias-Enrique-Riera-AUGM.m4a'>Conferencia Ministro de Educaci\u00f3n y Ciencias, Enrique Riera<\/a><\/li><li><a href='https:\/\/archivo.uni.edu.py\/2018-2023\/wp-content\/uploads\/2017\/10\/Discurso-final-rector-Ing.-Hildegardo-Gonz\u00e1lez-Irala-AUGM.m4a'>Discurso final rector, Ing. Hildegardo Gonz\u00e1lez Irala, AUGM<\/a><\/li><li><a href='https:\/\/archivo.uni.edu.py\/2018-2023\/wp-content\/uploads\/2017\/10\/Discurso-final-de-\u00c1lbaro-Maglia-cierre-AUGM.m4a'>Discurso final de \u00c1lvaro Maglia cierre AUGM<\/a><\/li><li><a href='https:\/\/archivo.uni.edu.py\/2018-2023\/wp-content\/uploads\/2017\/10\/discurso-final-Uma-Reis-AUGM.m4a'>Discurso final Uma Reis AUGM<\/a><\/li>\t<\/ol>\n\t<\/noscript>\n\t<script type=\"application\/json\" class=\"wp-playlist-script\">{\"type\":\"audio\",\"tracklist\":true,\"tracknumbers\":true,\"images\":false,\"artists\":true,\"tracks\":[{\"src\":\"https:\\\/\\\/archivo.uni.edu.py\\\/2018-2023\\\/wp-content\\\/uploads\\\/2017\\\/10\\\/Discurso-apertura-Rector-Hildegardo-Gonz\\u00e1lez-XXV-Jornadas-de-J\\u00f3venes-Investigadors-de-la-AUGM.m4a\",\"type\":\"audio\\\/mpeg\",\"title\":\"Discurso apertura Rector, Hildegardo Gonz\\u00e1lez\",\"caption\":\"\",\"description\":\"\\\"Discurso apertura Rector, Hildegardo Gonz\\u00e1lez, XXV Jornadas de J\\u00f3venes Investigadors de la AUGM\\\".\",\"meta\":{\"length_formatted\":\"13:00\"},\"image\":{\"src\":\"https:\\\/\\\/archivo.uni.edu.py\\\/2018-2023\\\/wp-includes\\\/images\\\/media\\\/audio.png\",\"width\":48,\"height\":64},\"thumb\":{\"src\":\"https:\\\/\\\/archivo.uni.edu.py\\\/2018-2023\\\/wp-includes\\\/images\\\/media\\\/audio.png\",\"width\":48,\"height\":64}},{\"src\":\"https:\\\/\\\/archivo.uni.edu.py\\\/2018-2023\\\/wp-content\\\/uploads\\\/2017\\\/10\\\/Discurso-apertura-secretario-ejecutivo-\\u00c1lvaro-Magglia-XXV-Jornadas-de-J\\u00f3venes-Investigadors-de-la-AUGM.m4a\",\"type\":\"audio\\\/mpeg\",\"title\":\"Discurso apertura secretario ejecutivo, \\u00c1lvaro Maglia\",\"caption\":\"\",\"description\":\"\\\"Discurso apertura secretario ejecutivo, \\u00c1lvaro Magglia, XXV Jornadas de J\\u00f3venes Investigadors de la AUGM\\\".\",\"meta\":{\"length_formatted\":\"9:32\"},\"image\":{\"src\":\"https:\\\/\\\/archivo.uni.edu.py\\\/2018-2023\\\/wp-includes\\\/images\\\/media\\\/audio.png\",\"width\":48,\"height\":64},\"thumb\":{\"src\":\"https:\\\/\\\/archivo.uni.edu.py\\\/2018-2023\\\/wp-includes\\\/images\\\/media\\\/audio.png\",\"width\":48,\"height\":64}},{\"src\":\"https:\\\/\\\/archivo.uni.edu.py\\\/2018-2023\\\/wp-content\\\/uploads\\\/2017\\\/10\\\/Conferencia-ministro-de-Educaci\\u00f3n-y-Ciencias-Enrique-Riera-AUGM.m4a\",\"type\":\"audio\\\/mpeg\",\"title\":\"Conferencia Ministro de Educaci\\u00f3n y Ciencias, Enrique Riera\",\"caption\":\"\",\"description\":\"\\\"Conferencia ministro de Educaci\\u00f3n y Ciencias, Enrique Riera, AUGM\\\".\",\"meta\":{\"length_formatted\":\"3:44\"},\"image\":{\"src\":\"https:\\\/\\\/archivo.uni.edu.py\\\/2018-2023\\\/wp-includes\\\/images\\\/media\\\/audio.png\",\"width\":48,\"height\":64},\"thumb\":{\"src\":\"https:\\\/\\\/archivo.uni.edu.py\\\/2018-2023\\\/wp-includes\\\/images\\\/media\\\/audio.png\",\"width\":48,\"height\":64}},{\"src\":\"https:\\\/\\\/archivo.uni.edu.py\\\/2018-2023\\\/wp-content\\\/uploads\\\/2017\\\/10\\\/Discurso-final-rector-Ing.-Hildegardo-Gonz\\u00e1lez-Irala-AUGM.m4a\",\"type\":\"audio\\\/mpeg\",\"title\":\"Discurso final rector, Ing. Hildegardo Gonz\\u00e1lez Irala, AUGM\",\"caption\":\"\",\"description\":\"\\\"Discurso final rector, Ing. Hildegardo Gonz\\u00e1lez Irala, AUGM\\\".\",\"meta\":{\"length_formatted\":\"6:05\"},\"image\":{\"src\":\"https:\\\/\\\/archivo.uni.edu.py\\\/2018-2023\\\/wp-includes\\\/images\\\/media\\\/audio.png\",\"width\":48,\"height\":64},\"thumb\":{\"src\":\"https:\\\/\\\/archivo.uni.edu.py\\\/2018-2023\\\/wp-includes\\\/images\\\/media\\\/audio.png\",\"width\":48,\"height\":64}},{\"src\":\"https:\\\/\\\/archivo.uni.edu.py\\\/2018-2023\\\/wp-content\\\/uploads\\\/2017\\\/10\\\/Discurso-final-de-\\u00c1lbaro-Maglia-cierre-AUGM.m4a\",\"type\":\"audio\\\/mpeg\",\"title\":\"Discurso final de \\u00c1lvaro Maglia cierre AUGM\",\"caption\":\"\",\"description\":\"\\\"Discurso final de \\u00c1lbaro Maglia cierre AUGM\\\".\",\"meta\":{\"length_formatted\":\"4:07\"},\"image\":{\"src\":\"https:\\\/\\\/archivo.uni.edu.py\\\/2018-2023\\\/wp-includes\\\/images\\\/media\\\/audio.png\",\"width\":48,\"height\":64},\"thumb\":{\"src\":\"https:\\\/\\\/archivo.uni.edu.py\\\/2018-2023\\\/wp-includes\\\/images\\\/media\\\/audio.png\",\"width\":48,\"height\":64}},{\"src\":\"https:\\\/\\\/archivo.uni.edu.py\\\/2018-2023\\\/wp-content\\\/uploads\\\/2017\\\/10\\\/discurso-final-Uma-Reis-AUGM.m4a\",\"type\":\"audio\\\/mpeg\",\"title\":\"Discurso final Uma Reis AUGM\",\"caption\":\"\",\"description\":\"\\\"discurso final Uma Reis AUGM\\\".\",\"meta\":{\"length_formatted\":\"1:14\"},\"image\":{\"src\":\"https:\\\/\\\/archivo.uni.edu.py\\\/2018-2023\\\/wp-includes\\\/images\\\/media\\\/audio.png\",\"width\":48,\"height\":64},\"thumb\":{\"src\":\"https:\\\/\\\/archivo.uni.edu.py\\\/2018-2023\\\/wp-includes\\\/images\\\/media\\\/audio.png\",\"width\":48,\"height\":64}}]}<\/script>\n<\/div>\n\t\n<h3>Discurso de becarios UNI del programa ERASMUS MUNDUS<\/h3>\n<div class=\"wp-playlist wp-audio-playlist wp-playlist-light\">\n\t\t\t<div class=\"wp-playlist-current-item\"><\/div>\n\t\t<audio controls=\"controls\" preload=\"none\" width=\"778\"\n\t\t\t><\/audio>\n\t<div class=\"wp-playlist-next\"><\/div>\n\t<div class=\"wp-playlist-prev\"><\/div>\n\t<noscript>\n\t<ol>\n\t\t<li><a href='https:\/\/archivo.uni.edu.py\/2018-2023\/wp-content\/uploads\/2017\/10\/discurso-de-becarios-UNI-a-europa.m4a'>discurso de becarios UNI a europa<\/a><\/li>\t<\/ol>\n\t<\/noscript>\n\t<script type=\"application\/json\" class=\"wp-playlist-script\">{\"type\":\"audio\",\"tracklist\":true,\"tracknumbers\":true,\"images\":false,\"artists\":true,\"tracks\":[{\"src\":\"https:\\\/\\\/archivo.uni.edu.py\\\/2018-2023\\\/wp-content\\\/uploads\\\/2017\\\/10\\\/discurso-de-becarios-UNI-a-europa.m4a\",\"type\":\"audio\\\/mpeg\",\"title\":\"discurso de becarios UNI a europa\",\"caption\":\"\",\"description\":\"\\\"discurso de becarios UNI a europa\\\".\",\"meta\":{\"length_formatted\":\"6:16\"},\"image\":{\"src\":\"https:\\\/\\\/archivo.uni.edu.py\\\/2018-2023\\\/wp-includes\\\/images\\\/media\\\/audio.png\",\"width\":48,\"height\":64},\"thumb\":{\"src\":\"https:\\\/\\\/archivo.uni.edu.py\\\/2018-2023\\\/wp-includes\\\/images\\\/media\\\/audio.png\",\"width\":48,\"height\":64}}]}<\/script>\n<\/div>\n\t\n","protected":false},"excerpt":{"rendered":"<p>XXV Jornadas de J\u00f3venes Investigadores &#8211; AUGM Discurso de becarios UNI del programa ERASMUS MUNDUS<\/p>\n","protected":false},"author":1,"featured_media":0,"parent":0,"menu_order":0,"comment_status":"closed","ping_status":"closed","template":"","meta":[],"_links":{"self":[{"href":"https:\/\/archivo.uni.edu.py\/2018-2023\/wp-json\/wp\/v2\/pages\/47420"}],"collection":[{"href":"https:\/\/archivo.uni.edu.py\/2018-2023\/wp-json\/wp\/v2\/pages"}],"about":[{"href":"https:\/\/archivo.uni.edu.py\/2018-2023\/wp-json\/wp\/v2\/types\/page"}],"author":[{"embeddable":true,"href":"https:\/\/archivo.uni.edu.py\/2018-2023\/wp-json\/wp\/v2\/users\/1"}],"replies":[{"embeddable":true,"href":"https:\/\/archivo.uni.edu.py\/2018-2023\/wp-json\/wp\/v2\/comments?post=47420"}],"version-history":[{"count":4,"href":"https:\/\/archivo.uni.edu.py\/2018-2023\/wp-json\/wp\/v2\/pages\/47420\/revisions"}],"predecessor-version":[{"id":93205,"href":"https:\/\/archivo.uni.edu.py\/2018-2023\/wp-json\/wp\/v2\/pages\/47420\/revisions\/93205"}],"wp:attachment":[{"href":"https:\/\/archivo.uni.edu.py\/2018-2023\/wp-json\/wp\/v2\/media?parent=47420"}],"curies":[{"name":"wp","href":"https:\/\/api.w.org\/{rel}","templated":true}]}}