{"id":45499,"date":"2017-10-16T14:22:23","date_gmt":"2017-10-16T14:22:23","guid":{"rendered":"http:\/\/test.uni.edu.py\/?page_id=45499"},"modified":"2023-03-17T13:14:16","modified_gmt":"2023-03-17T16:14:16","slug":"carreras-facultad-de-ciencias-y-tecnologia","status":"publish","type":"page","link":"https:\/\/archivo.uni.edu.py\/2018-2023\/carreras\/carreras-facultad-de-ciencias-y-tecnologia\/","title":{"rendered":"Carreras Facultad de Ciencias y Tecnolog\u00eda"},"content":{"rendered":"<p>La Facultad de Ciencias y Tecnolog\u00eda, como instituci\u00f3n de Educaci\u00f3n Superior, aspira a ser reconocida por su contribuci\u00f3n al desarrollo de la regi\u00f3n y del pa\u00eds, capaz de satisfacer las exigencias de calidad en el \u00e1mbito cient\u00edfico y tecnol\u00f3gico y convertirse en una Unidad Acad\u00e9mica prestigiosa en la ense\u00f1anza e investigaci\u00f3n.<\/p>\n<h5>Carreras Disponibles<\/h5>\n<ul>\n<li>Lic. en Inform\u00e1tica\u00a0 Empresarial<\/li>\n<li>Ingenier\u00eda en Electr\u00f3nica<\/li>\n<li>Ingenier\u00eda Ambiental<\/li>\n<li>Ingenier\u00eda en Alimentos<\/li>\n<\/ul>\n<h5>Breve Historia<\/h5>\n<p>La Facultad de Ciencias y Tecnolog\u00eda de la Universidad Nacional de Itap\u00faa ha sido creada por resoluci\u00f3n del Consejo Superior Universitario N\u00ba 112\/2006 del 12 de septiembre del 2006 con las carreras de Licenciatura en Electr\u00f3nica, Licenciatura en Ciencia y Tecnolog\u00eda de la Producci\u00f3n Aplicada a los Alimentos, e Ingenier\u00eda Ambiental, T\u00e9cnico Superior en Electricidad. La Facultad Cuenta con Sedes en Capit\u00e1n Meza, Coronel Bogado y Mayor Dionisio Ota\u00f1o.<\/p>\n<h5 lang=\"es-PY\" align=\"JUSTIFY\">Visi\u00f3n<\/h5>\n<p lang=\"es-PY\" align=\"JUSTIFY\">La Facultad de Ciencias y Tecnolog\u00eda, como instituci\u00f3n de Educaci\u00f3n Superior, aspira a ser reconocida por su contribuci\u00f3n al desarrollo de la regi\u00f3n y del pa\u00eds, capaz de satisfacer las exigencias de calidad en el \u00e1mbito cient\u00edfico y tecnol\u00f3gico y convertirse en una Unidad Acad\u00e9mica prestigiosa en la ense\u00f1anza e investigaci\u00f3n.<\/p>\n<h5 lang=\"es-PY\" align=\"JUSTIFY\">Misi\u00f3n<\/h5>\n<p lang=\"es-PY\" align=\"JUSTIFY\">La Facultad de Ciencias y Tecnolog\u00eda se constituye en una instituci\u00f3n forjadora de profesionales id\u00f3neos e \u00edntegros, con valores y vocaci\u00f3n socio-humanista, altamente capacitados con conocimientos actualizados, que contribuyan al desarrollo y a la soluci\u00f3n de la problem\u00e1tica presente y de las proyecciones del medio tecnol\u00f3gico, cient\u00edfico y productivo de la regi\u00f3n en el marco del desarrollo sostenible y el bienestar de la sociedad<\/p>\n<h5 lang=\"es-PY\" align=\"JUSTIFY\">Autoridades<\/h5>\n<ul>\n<li lang=\"es-PY\"><strong>Decano:<\/strong> MSc. Viviana Marilyn Pacheco Figueredo.<\/li>\n<li lang=\"es-PY\"><strong>Vice-Decano:<\/strong> Ing. Patricia Noemi Mart\u00ednez Lovera<\/li>\n<\/ul>\n<h5><a href=\"http:\/\/uni.edu.py\/wp-content\/uploads\/2017\/12\/Carreras-CyT.pdf\">Oferta Acad\u00e9mica.<\/a><\/h5>\n<h6>Planes de Estudios<\/h6>\n<ul>\n<li><a href=\"https:\/\/drive.google.com\/file\/d\/1XMV_z0U097Wi7u4b7wuEgIHSwuyxaLPc\/view\">Lic. en Inform\u00e1tica\u00a0 Empresarial<\/a><\/li>\n<li>Ingenier\u00eda en Electr\u00f3nica<\/li>\n<li><a href=\"https:\/\/drive.google.com\/file\/d\/1W7yA4-wPaD7nMU6K4nOuUgrYIj6Sj2fU\/view\">Ingenier\u00eda Ambiental<\/a><\/li>\n<li><a href=\"https:\/\/drive.google.com\/file\/d\/1LjIICCeVgoIKpWQxPT3gAb6vma7XrI-R\/view\">Ingenier\u00eda en Alimentos<\/a><\/li>\n<\/ul>\n<h3 style=\"text-align: center;\">Formulario de Contacto para m\u00e1s Informes<\/h3>\n<div class=\"wpforms-container wpforms-container-full\" id=\"wpforms-67329\"><form id=\"wpforms-form-67329\" class=\"wpforms-validate wpforms-form\" data-formid=\"67329\" method=\"post\" enctype=\"multipart\/form-data\" action=\"\/2018-2023\/wp-json\/wp\/v2\/pages\/45499\" data-token=\"b5acdc7e73824adaca1ef60336569700\"><noscript class=\"wpforms-error-noscript\">Por favor, activa JavaScript en tu navegador para completar este formulario.<\/noscript><div class=\"wpforms-field-container\"><div id=\"wpforms-67329-field_0-container\" class=\"wpforms-field wpforms-field-name\" data-field-id=\"0\"><label class=\"wpforms-field-label\" for=\"wpforms-67329-field_0\">Datos <span class=\"wpforms-required-label\">*<\/span><\/label><div class=\"wpforms-field-row wpforms-field-medium\"><div class=\"wpforms-field-row-block wpforms-first wpforms-one-half\"><input type=\"text\" id=\"wpforms-67329-field_0\" class=\"wpforms-field-name-first wpforms-field-required\" name=\"wpforms[fields][0][first]\" required><label for=\"wpforms-67329-field_0\" class=\"wpforms-field-sublabel after \">Nombre<\/label><\/div><div class=\"wpforms-field-row-block wpforms-one-half\"><input type=\"text\" id=\"wpforms-67329-field_0-last\" class=\"wpforms-field-name-last wpforms-field-required\" name=\"wpforms[fields][0][last]\" required><label for=\"wpforms-67329-field_0-last\" class=\"wpforms-field-sublabel after \">Apellidos<\/label><\/div><\/div><\/div><div id=\"wpforms-67329-field_1-container\" class=\"wpforms-field wpforms-field-email\" data-field-id=\"1\"><label class=\"wpforms-field-label\" for=\"wpforms-67329-field_1\">Correo electr\u00f3nico <span class=\"wpforms-required-label\">*<\/span><\/label><input type=\"email\" id=\"wpforms-67329-field_1\" class=\"wpforms-field-medium wpforms-field-required\" name=\"wpforms[fields][1]\" required><\/div><div id=\"wpforms-67329-field_2-container\" class=\"wpforms-field wpforms-field-textarea\" data-field-id=\"2\"><label class=\"wpforms-field-label\" for=\"wpforms-67329-field_2\">Comentario o mensaje <span class=\"wpforms-required-label\">*<\/span><\/label><textarea id=\"wpforms-67329-field_2\" class=\"wpforms-field-medium wpforms-field-required\" name=\"wpforms[fields][2]\" required><\/textarea><\/div><\/div><div class=\"wpforms-field wpforms-field-hp\"><label for=\"wpforms-67329-field-hp\" class=\"wpforms-field-label\">Email<\/label><input type=\"text\" name=\"wpforms[hp]\" id=\"wpforms-67329-field-hp\" class=\"wpforms-field-medium\"><\/div><div class=\"wpforms-recaptcha-container wpforms-is-recaptcha\"><div class=\"g-recaptcha\" data-sitekey=\"6Ld_9b8fAAAAAGY4JChiRpb2w4UJvDoLToAGvLVP\"><\/div><input type=\"text\" name=\"g-recaptcha-hidden\" class=\"wpforms-recaptcha-hidden\" style=\"position:absolute!important;clip:rect(0,0,0,0)!important;height:1px!important;width:1px!important;border:0!important;overflow:hidden!important;padding:0!important;margin:0!important;\" required><\/div><div class=\"wpforms-submit-container\"><input type=\"hidden\" name=\"wpforms[id]\" value=\"67329\"><input type=\"hidden\" name=\"wpforms[author]\" value=\"1\"><button type=\"submit\" name=\"wpforms[submit]\" id=\"wpforms-submit-67329\" class=\"wpforms-submit\" data-alt-text=\"Enviando...\" data-submit-text=\"Enviar\" aria-live=\"assertive\" value=\"wpforms-submit\">Enviar<\/button><\/div><\/form><\/div>  <!-- .wpforms-container -->\n","protected":false},"excerpt":{"rendered":"<p>La Facultad de Ciencias y Tecnolog\u00eda, como instituci\u00f3n de Educaci\u00f3n Superior, aspira a ser reconocida por su contribuci\u00f3n al desarrollo<\/p>\n","protected":false},"author":1,"featured_media":0,"parent":60,"menu_order":6,"comment_status":"closed","ping_status":"closed","template":"","meta":[],"_links":{"self":[{"href":"https:\/\/archivo.uni.edu.py\/2018-2023\/wp-json\/wp\/v2\/pages\/45499"}],"collection":[{"href":"https:\/\/archivo.uni.edu.py\/2018-2023\/wp-json\/wp\/v2\/pages"}],"about":[{"href":"https:\/\/archivo.uni.edu.py\/2018-2023\/wp-json\/wp\/v2\/types\/page"}],"author":[{"embeddable":true,"href":"https:\/\/archivo.uni.edu.py\/2018-2023\/wp-json\/wp\/v2\/users\/1"}],"replies":[{"embeddable":true,"href":"https:\/\/archivo.uni.edu.py\/2018-2023\/wp-json\/wp\/v2\/comments?post=45499"}],"version-history":[{"count":4,"href":"https:\/\/archivo.uni.edu.py\/2018-2023\/wp-json\/wp\/v2\/pages\/45499\/revisions"}],"predecessor-version":[{"id":89437,"href":"https:\/\/archivo.uni.edu.py\/2018-2023\/wp-json\/wp\/v2\/pages\/45499\/revisions\/89437"}],"up":[{"embeddable":true,"href":"https:\/\/archivo.uni.edu.py\/2018-2023\/wp-json\/wp\/v2\/pages\/60"}],"wp:attachment":[{"href":"https:\/\/archivo.uni.edu.py\/2018-2023\/wp-json\/wp\/v2\/media?parent=45499"}],"curies":[{"name":"wp","href":"https:\/\/api.w.org\/{rel}","templated":true}]}}