{"id":45491,"date":"2017-10-16T13:58:47","date_gmt":"2017-10-16T13:58:47","guid":{"rendered":"http:\/\/test.uni.edu.py\/?page_id=45491"},"modified":"2022-05-02T14:35:58","modified_gmt":"2022-05-02T18:35:58","slug":"carreras-facultad-de-humanidades-ciencias-sociales-y-cultura-guarani","status":"publish","type":"page","link":"https:\/\/archivo.uni.edu.py\/2018-2023\/carreras\/carreras-facultad-de-humanidades-ciencias-sociales-y-cultura-guarani\/","title":{"rendered":"Carreras Facultad de Humanidades, Ciencias Sociales y Cultura Guaran\u00ed"},"content":{"rendered":"<p>Instituci\u00f3n p\u00fablica comprometida con la formaci\u00f3n de profesionales de grado y postgrado competentes y comprometidos con generar y difundir la ciencia, de revalorizar la cultura de nuestro pueblo y afrontar los desaf\u00edos que presenta la sociedad globalizada.<\/p>\n<h5>Carreras Disponibles<\/h5>\n<ul>\n<li>Lic. en Biling\u00fcismo Guaran\u00ed &#8211; Castellano<\/li>\n<li>Lic. en Lengua Inglesa<\/li>\n<li>Lic. en Relaciones Internacionales<\/li>\n<li>Lic. en Trabajo Social<\/li>\n<li>Lic. en Psicolog\u00eda<\/li>\n<li>Lic. en Matem\u00e1tica<\/li>\n<li>Lic. en Ciencias de la Educaci\u00f3n<\/li>\n<\/ul>\n<h5>Breve Historia<\/h5>\n<p>El Consejo de Universidades en su sesi\u00f3n del 30 de diciembre de 1998 \u2013 Acta N\u00ba 44, aprueba la creaci\u00f3n de la Facultad de Humanidades, Ciencias Sociales y Cultura Guaran\u00ed con su primera carrera, la Licenciatura en Biling\u00fcismo Guaran\u00ed \u2013 Castellano, que a partir del a\u00f1o 1999 est\u00e1 formando a los estudiantes en el dominio de las dos lenguas oficiales.\u00a0Hoy, ha diversificado su oferta acad\u00e9mica ya que adem\u00e1s de la Licenciatura de Biling\u00fcismo Guaran\u00ed \u2013 Castellano cuenta con varias otras carreras de Licenciatura en Ciencias Sociales.<\/p>\n<h5>Visi\u00f3n<\/h5>\n<p>La Facultad de Humanidades, Ciencias Sociales y Cultura Guaran\u00ed es una Instituci\u00f3n P\u00fablica de Educaci\u00f3n Superior que se constituye en un referente con proyecci\u00f3n regional, nacional e internacional a trav\u00e9s de una formaci\u00f3n acad\u00e9mica calificada, diversidad educativa e investigaci\u00f3n cient\u00edfica y social dando respuestas a las necesidades de una sociedad cada vez m\u00e1s competitiva y compleja.<\/p>\n<h5>Misi\u00f3n<\/h5>\n<p>La Facultad de Humanidades, Ciencias Sociales y Cultura Guaran\u00ed es una instituci\u00f3n p\u00fablica de Educaci\u00f3n Superior comprometida con la ense\u00f1anza y la formaci\u00f3n de profesionales altamente calificados, competitivos, con s\u00f3lidos principios human\u00edsticos, que puedan constituirse en agentes constructores del progreso y desarrollo de nuestra sociedad.<\/p>\n<h5>Autoridades<\/h5>\n<ul>\n<li><strong>Decano:<\/strong>\u00a0Dr. Antonio Kiernyezny Rovate<\/li>\n<li><strong>Vice-Decano:\u00a0<\/strong>MSc. Oscar A. Galeano Arzamendia<\/li>\n<\/ul>\n<h5><a href=\"http:\/\/uni.edu.py\/wp-content\/uploads\/2017\/12\/Carreras-Humanidades.pdf\">Oferta Acad\u00e9mica.<\/a><\/h5>\n<h6>Planes de estudios<\/h6>\n<ul>\n<li><a href=\"http:\/\/humanidades.uni.edu.py\/programa-bilinguismo\/\">Lic. en Biling\u00fcismo Guaran\u00ed &#8211; Castellano<\/a>\n<ul>\n<li><a href=\"http:\/\/humanidades.uni.edu.py\/bilinguismo\/\">M\u00e1s info&#8230;\u00a0<\/a><\/li>\n<\/ul>\n<\/li>\n<li><a href=\"http:\/\/humanidades.uni.edu.py\/programa-de-estudios-lengua-inglesa\/\">Lic. en Lengua Inglesa<\/a>\n<ul>\n<li><a href=\"http:\/\/humanidades.uni.edu.py\/lengua-inglesa\/\">M\u00e1s info&#8230;<\/a><\/li>\n<\/ul>\n<\/li>\n<li><a href=\"http:\/\/humanidades.uni.edu.py\/wp-content\/uploads\/2013\/03\/Malla-de-RRII.pdf\">Lic. en Relaciones Internacionales<\/a>\n<ul>\n<li><a href=\"http:\/\/humanidades.uni.edu.py\/ciencias-sociales\/\">M\u00e1s info&#8230;<\/a><\/li>\n<\/ul>\n<\/li>\n<li><a href=\"http:\/\/humanidades.uni.edu.py\/programa-de-estudios-trabajo-social\/\">Lic. en Trabajo Social<\/a>\n<ul>\n<li><a href=\"http:\/\/humanidades.uni.edu.py\/trabajo-social\/\">M\u00e1s info&#8230;\u00a0<\/a><\/li>\n<\/ul>\n<\/li>\n<li><a href=\"http:\/\/humanidades.uni.edu.py\/wp-content\/uploads\/2019\/02\/Psicologia.pdf\">Lic. en Psicolog\u00eda<\/a>\n<ul>\n<li><a href=\"http:\/\/humanidades.uni.edu.py\/psicologia\/\">M\u00e1s info&#8230;<\/a><\/li>\n<\/ul>\n<\/li>\n<li><a href=\"http:\/\/humanidades.uni.edu.py\/wp-content\/uploads\/2019\/03\/Malla-Curricular-Lic.-en-Matem%C3%A1ticas.-2017.pdf\">Lic. en Matem\u00e1tica<\/a><\/li>\n<li><a href=\"http:\/\/humanidades.uni.edu.py\/wp-content\/uploads\/2016\/03\/Plan-de-estudios.pdf\">Lic. en Ciencias de la Educaci\u00f3n<\/a>\n<ul>\n<li><a href=\"http:\/\/humanidades.uni.edu.py\/ciencias-de-la-educacion\/\">M\u00e1s info&#8230;<\/a><\/li>\n<\/ul>\n<\/li>\n<\/ul>\n<h3><\/h3>\n<h3>Formulario de Contacto para m\u00e1s Informes<\/h3>\n<div class=\"wpforms-container wpforms-container-full\" id=\"wpforms-67325\"><form id=\"wpforms-form-67325\" class=\"wpforms-validate wpforms-form\" data-formid=\"67325\" method=\"post\" enctype=\"multipart\/form-data\" action=\"\/2018-2023\/wp-json\/wp\/v2\/pages\/45491\" data-token=\"ccd5da746813f412d06c45eccad6c9cd\"><noscript class=\"wpforms-error-noscript\">Por favor, activa JavaScript en tu navegador para completar este formulario.<\/noscript><div class=\"wpforms-field-container\"><div id=\"wpforms-67325-field_0-container\" class=\"wpforms-field wpforms-field-name\" data-field-id=\"0\"><label class=\"wpforms-field-label\" for=\"wpforms-67325-field_0\">Datos <span class=\"wpforms-required-label\">*<\/span><\/label><div class=\"wpforms-field-row wpforms-field-medium\"><div class=\"wpforms-field-row-block wpforms-first wpforms-one-half\"><input type=\"text\" id=\"wpforms-67325-field_0\" class=\"wpforms-field-name-first wpforms-field-required\" name=\"wpforms[fields][0][first]\" required><label for=\"wpforms-67325-field_0\" class=\"wpforms-field-sublabel after \">Nombre<\/label><\/div><div class=\"wpforms-field-row-block wpforms-one-half\"><input type=\"text\" id=\"wpforms-67325-field_0-last\" class=\"wpforms-field-name-last wpforms-field-required\" name=\"wpforms[fields][0][last]\" required><label for=\"wpforms-67325-field_0-last\" class=\"wpforms-field-sublabel after \">Apellidos<\/label><\/div><\/div><\/div><div id=\"wpforms-67325-field_1-container\" class=\"wpforms-field wpforms-field-email\" data-field-id=\"1\"><label class=\"wpforms-field-label\" for=\"wpforms-67325-field_1\">Correo electr\u00f3nico <span class=\"wpforms-required-label\">*<\/span><\/label><input type=\"email\" id=\"wpforms-67325-field_1\" class=\"wpforms-field-medium wpforms-field-required\" name=\"wpforms[fields][1]\" required><\/div><div id=\"wpforms-67325-field_2-container\" class=\"wpforms-field wpforms-field-textarea\" data-field-id=\"2\"><label class=\"wpforms-field-label\" for=\"wpforms-67325-field_2\">Comentario o mensaje <span class=\"wpforms-required-label\">*<\/span><\/label><textarea id=\"wpforms-67325-field_2\" class=\"wpforms-field-medium wpforms-field-required\" name=\"wpforms[fields][2]\" required><\/textarea><\/div><\/div><div class=\"wpforms-field wpforms-field-hp\"><label for=\"wpforms-67325-field-hp\" class=\"wpforms-field-label\">Website<\/label><input type=\"text\" name=\"wpforms[hp]\" id=\"wpforms-67325-field-hp\" class=\"wpforms-field-medium\"><\/div><div class=\"wpforms-recaptcha-container wpforms-is-recaptcha\"><div class=\"g-recaptcha\" data-sitekey=\"6Ld_9b8fAAAAAGY4JChiRpb2w4UJvDoLToAGvLVP\"><\/div><input type=\"text\" name=\"g-recaptcha-hidden\" class=\"wpforms-recaptcha-hidden\" style=\"position:absolute!important;clip:rect(0,0,0,0)!important;height:1px!important;width:1px!important;border:0!important;overflow:hidden!important;padding:0!important;margin:0!important;\" required><\/div><div class=\"wpforms-submit-container\"><input type=\"hidden\" name=\"wpforms[id]\" value=\"67325\"><input type=\"hidden\" name=\"wpforms[author]\" value=\"1\"><button type=\"submit\" name=\"wpforms[submit]\" id=\"wpforms-submit-67325\" class=\"wpforms-submit\" data-alt-text=\"Enviando...\" data-submit-text=\"Enviar\" aria-live=\"assertive\" value=\"wpforms-submit\">Enviar<\/button><\/div><\/form><\/div>  <!-- .wpforms-container -->\n","protected":false},"excerpt":{"rendered":"<p>Instituci\u00f3n p\u00fablica comprometida con la formaci\u00f3n de profesionales de grado y postgrado competentes y comprometidos con generar y difundir la<\/p>\n","protected":false},"author":1,"featured_media":0,"parent":60,"menu_order":3,"comment_status":"closed","ping_status":"closed","template":"","meta":[],"_links":{"self":[{"href":"https:\/\/archivo.uni.edu.py\/2018-2023\/wp-json\/wp\/v2\/pages\/45491"}],"collection":[{"href":"https:\/\/archivo.uni.edu.py\/2018-2023\/wp-json\/wp\/v2\/pages"}],"about":[{"href":"https:\/\/archivo.uni.edu.py\/2018-2023\/wp-json\/wp\/v2\/types\/page"}],"author":[{"embeddable":true,"href":"https:\/\/archivo.uni.edu.py\/2018-2023\/wp-json\/wp\/v2\/users\/1"}],"replies":[{"embeddable":true,"href":"https:\/\/archivo.uni.edu.py\/2018-2023\/wp-json\/wp\/v2\/comments?post=45491"}],"version-history":[{"count":4,"href":"https:\/\/archivo.uni.edu.py\/2018-2023\/wp-json\/wp\/v2\/pages\/45491\/revisions"}],"predecessor-version":[{"id":80671,"href":"https:\/\/archivo.uni.edu.py\/2018-2023\/wp-json\/wp\/v2\/pages\/45491\/revisions\/80671"}],"up":[{"embeddable":true,"href":"https:\/\/archivo.uni.edu.py\/2018-2023\/wp-json\/wp\/v2\/pages\/60"}],"wp:attachment":[{"href":"https:\/\/archivo.uni.edu.py\/2018-2023\/wp-json\/wp\/v2\/media?parent=45491"}],"curies":[{"name":"wp","href":"https:\/\/api.w.org\/{rel}","templated":true}]}}