{"id":611,"date":"2013-08-13T18:13:33","date_gmt":"2013-08-13T18:13:33","guid":{"rendered":"http:\/\/localhost\/uni\/?page_id=611"},"modified":"2014-06-05T16:02:28","modified_gmt":"2014-06-05T16:02:28","slug":"historia","status":"publish","type":"page","link":"https:\/\/archivo.uni.edu.py\/2014-2017\/historia\/","title":{"rendered":"Historia de la UNI"},"content":{"rendered":"<p><span style=\"font-size: medium;\">El proyecto de creaci\u00f3n de la UNI fue presentado el 25 de marzo de 1995 por una Comisi\u00f3n Central Coordinadora, presidido por el abogado Lorenzo Zacar\u00edas L\u00f3pez, entonces intendente de la Ciudad de Encarnaci\u00f3n.<\/span><\/p>\n<p lang=\"es-PY\" align=\"JUSTIFY\"><span style=\"font-size: medium;\">Un 19 de marzo de 1.998, sus autoridades llevan a cabo la primera Asamblea Universitaria para elegir sus autoridades. Fueron electos el Abog. Lorenzo Zacar\u00edas y el Ing. Hildegardo Gonz\u00e1lez Irala, como Rector y Vicerrector, respectivamente, en aquel entonces, iniciando as\u00ed, en octubre la 1\u00b0 etapa de gesti\u00f3n de gobierno 1998\/2003.<\/span><\/p>\n<p lang=\"es-PY\" align=\"JUSTIFY\"><span style=\"font-size: medium;\">El 7 de noviembre de 1996, el Consejo de Universidades resuelve la creaci\u00f3n de las dos primeras carreras de Grado: Medicina e Ingenier\u00eda Electromec\u00e1nica, simult\u00e1neamente, cre\u00e1ndose as\u00ed sus dos primeras facultades, Facultad de Ingenier\u00eda y Facultad de Medicina. <\/span><\/p>\n<p lang=\"es-PY\" align=\"JUSTIFY\"><span style=\"font-size: medium;\">E<\/span><span style=\"font-size: medium;\">l 18 de diciembre del a\u00f1o 1997, seg\u00fan Acta N\u00ba 41. se habilita la carrera de Ingenier\u00eda Comercial, dando as\u00ed nacimiento a la tercera facultad de la UNI, Facultad de Ciencias Econ\u00f3micas y Administrativas. M\u00e1s adelante, E<\/span><span style=\"font-size: medium;\">l Consejo de Universidades en su sesi\u00f3n del 30 de diciembre de 1998 &#8211; Acta N\u00ba 44, aprueba la creaci\u00f3n de la Facultad de Humanidades, Ciencias Sociales y Cultura Guaran\u00ed con su primera carrera, la Licenciatura en Biling\u00fcismo Guaran\u00ed &#8211; Castellano.<\/span><\/p>\n<p lang=\"es-PY\"><span style=\"font-size: medium;\">A\u00f1os m\u00e1s tarde y respondiendo a las necesidades regionales, el 30 de diciembre del 2003, nace la Facultad de Ciencias Jur\u00eddicas con la habilitaci\u00f3n de su primera carrera de Derecho.\u00a0<\/span><\/p>\n<p lang=\"es-PY\"><span style=\"font-size: medium;\">Para el 25 de febrero de 2005, la UNI se extiende hasta la ciudad de Concepci\u00f3n para llamar lista de los primeros 40 ingresantes de la carrera de Medicina, con sede habilitada en la Perla del Norte, por otro lado,\u00a0<\/span><span style=\"font-size: medium;\">el 16 de junio del 2005 ingresan los primeros 80 alumnos a la carrera de Ingenier\u00eda Agropecuarias y Forestales, creada por resoluci\u00f3n N\u00ba 062\/2004, el 09 de marzo del 2004,\u00a0<\/span><span style=\"font-size: medium;\">con sedes en los distritos de Gral. Artigas y Natalio.\u00a0<\/span><\/p>\n<p lang=\"es-PY\" align=\"JUSTIFY\"><span style=\"font-size: medium;\">M\u00e1s adelante, el 12 de septiembre del 2006,\u00a0La Facultad de Ciencias y Tecnolog\u00eda de la Universidad Nacional de Itap\u00faa es creada por resoluci\u00f3n del Consejo Superior Universitario N\u00ba 112\/2006 con las carreras de Licenciatura en Electr\u00f3nica, Licenciatura en Ciencia y Tecnolog\u00eda de la Producci\u00f3n Aplicada a los Alimentos, e Ingenier\u00eda Ambiental.\u00a0<\/span><\/p>\n<p lang=\"es-PY\" align=\"JUSTIFY\"><span style=\"font-size: medium;\">Al a\u00f1o siguiente, a partir del 18 de diciembre del 2007, la Administraci\u00f3n de la UNI transfiere las gestiones administrativas, acad\u00e9micas y patrimoniales de la carrera de Medicina\u00a0a la Universidad Nacional de Concepci\u00f3n (UNC), que fuera creada por Ley N\u00ba 3.201 de ese a\u00f1o.<\/span><\/p>\n<p lang=\"es-PY\" align=\"JUSTIFY\">\n<h2 lang=\"es-PY\" align=\"JUSTIFY\">Actualidad<\/h2>\n<p lang=\"es-PY\" align=\"JUSTIFY\"><span style=\"font-size: medium;\">El Rector de la Universidad Nacional de Itap\u00faa es el Ing. Hildegardo Gonz\u00e1lez Irala y la Vicerrectora es la Dra. Yilda Ag\u00fcero de Talavera, ambos reelectos para el per\u00edodo 2013-2018, en la cuarta Asamblea Universitaria, el pasado 30 de noviembre de 2012.\u00a0\u00a0<\/span><\/p>\n<p lang=\"es-PY\" align=\"JUSTIFY\"><span style=\"font-size: medium;\">El estamento universitario est\u00e1 compuesto por los docentes de todas las categor\u00edas, los graduados no docentes y los propios estudiantes, cuyos representantes leg\u00edtimamente electos integran los \u00f3rganos colegiados que gobiernan la UNI. <\/span><\/p>\n<p lang=\"es-PY\" align=\"JUSTIFY\"><span style=\"font-size: medium;\">El gobierno Universitario est\u00e1 integrado por la Asamblea Universitaria, El Consejo Superior Universitario, El Rector, Los Consejos Directivos de las Facultades, Los Decanos. Se define como \u00f3rgano legislativo al Consejo Superior Universitario y como ejecutivo el Rector.<\/span><\/p>\n<p lang=\"es-PY\" align=\"JUSTIFY\"><span style=\"font-size: medium;\">La UNI se encuentra en el 2do. lugar en el<\/span><span style=\"font-size: medium;\"> \u00abRanking Mundial de Universidades\u201d en Paraguay, verificado por medio de los sitios Webs\u00bb, seg\u00fan el Laboratorio de Cibermetr\u00eda, que pertenece al Consejo de Investigaciones Cient\u00edficas, el mayor centro nacional de investigaci\u00f3n de Espa\u00f1a que mide el nivel de impacto de los aportes generados por las universidades a la sociedad en todos sus aspectos: econ\u00f3mico, cultural, nivel acad\u00e9mico, de investigaci\u00f3n, gubernamental, etc.\u00a0<\/span><\/p>\n<p lang=\"es-PY\" align=\"JUSTIFY\"><span style=\"font-size: medium;\">Actualmente, la Escuela de Posgrado ofrece cursos de diplomados, especializaciones, asimismo, cuenta con diversas maestr\u00edas, y doctorados en las \u00e1reas de las ciencias humanas, jur\u00eddicas, medio ambientales y sociales, que se desarrollan en forma exitosa tanto en la Escuela de Posgrado y en las diversas Facultades con un total de <\/span><span style=\"font-size: medium;\"><b>1645<\/b><\/span><span style=\"font-size: medium;\"> egresados hasta el a\u00f1o en curso. <\/span><\/p>\n<p lang=\"es-PY\" align=\"JUSTIFY\"><span style=\"font-size: medium;\">La UNI cuenta ademas tambi\u00e9n con\u00a0<\/span><span style=\"font-size: medium;\"><b>30 profesores<\/b><\/span><span style=\"font-size: medium;\"> investigadores que desarrollan l\u00edneas de investigaci\u00f3n vinculadas a las \u00e1reas de la Salud, agricultura, Pecuaria, Ciencias jur\u00eddicas, Econom\u00eda, Tecnolog\u00eda de alimentos, Agua, Energ\u00eda Educaci\u00f3n y Desarrollo, Biodiessel, Hormig\u00f3n, Hidr\u00e1ulica, y Electr\u00f3nica.<\/span><\/p>\n<p lang=\"es-PY\" align=\"JUSTIFY\"><span style=\"font-size: medium;\">La UNI integra la Asociaci\u00f3n de Universidades P\u00fablicas del Paraguay (AUPP),<\/span><span style=\"font-size: medium;\">\u00a0emprende trabajos en conjunto con las Municipalidades y la Gobernaci\u00f3n de Itap\u00faa en un modelo de Gesti\u00f3n basado en alianzas estrat\u00e9gicas con el fin de articular y\/o emprender diferentes proyectos de desarrollo, decidir acciones pertinentes al contexto regional y local y de impacto en la sociedad.<\/span><\/p>\n<p lang=\"es-PY\" align=\"JUSTIFY\"><span style=\"font-size: medium;\">En el \u00e1rea internacional; en un proceso de b\u00fasqueda del mejoramiento de la calidad educativa, la UNI mantiene relacionamiento con prestigiosas instituciones de ense\u00f1anza superior y organizaciones mediante convenios de integraci\u00f3n de Redes Universitarias internacionales y programas de movilidad estudiantil, de los cuales ya fueron beneficiados varios alumnos en nuestra prestigiosa casa de estudios.<\/span><\/p>\n","protected":false},"excerpt":{"rendered":"<p>El proyecto de creaci\u00f3n de la UNI fue presentado el 25 de marzo de 1995 por una Comisi\u00f3n Central Coordinadora, presidido por el abogado Lorenzo Zacar\u00edas L\u00f3pez, entonces intendente de la Ciudad de Encarnaci\u00f3n. Un 19 de marzo de 1.998, sus autoridades llevan a cabo la primera Asamblea Universitaria para elegir sus autoridades. Fueron electos [&hellip;]<\/p>\n","protected":false},"author":1,"featured_media":520,"parent":0,"menu_order":0,"comment_status":"open","ping_status":"open","template":"","meta":[],"_links":{"self":[{"href":"https:\/\/archivo.uni.edu.py\/2014-2017\/wp-json\/wp\/v2\/pages\/611"}],"collection":[{"href":"https:\/\/archivo.uni.edu.py\/2014-2017\/wp-json\/wp\/v2\/pages"}],"about":[{"href":"https:\/\/archivo.uni.edu.py\/2014-2017\/wp-json\/wp\/v2\/types\/page"}],"author":[{"embeddable":true,"href":"https:\/\/archivo.uni.edu.py\/2014-2017\/wp-json\/wp\/v2\/users\/1"}],"replies":[{"embeddable":true,"href":"https:\/\/archivo.uni.edu.py\/2014-2017\/wp-json\/wp\/v2\/comments?post=611"}],"version-history":[{"count":10,"href":"https:\/\/archivo.uni.edu.py\/2014-2017\/wp-json\/wp\/v2\/pages\/611\/revisions"}],"predecessor-version":[{"id":6550,"href":"https:\/\/archivo.uni.edu.py\/2014-2017\/wp-json\/wp\/v2\/pages\/611\/revisions\/6550"}],"wp:featuredmedia":[{"embeddable":true,"href":"https:\/\/archivo.uni.edu.py\/2014-2017\/wp-json\/wp\/v2\/media\/520"}],"wp:attachment":[{"href":"https:\/\/archivo.uni.edu.py\/2014-2017\/wp-json\/wp\/v2\/media?parent=611"}],"curies":[{"name":"wp","href":"https:\/\/api.w.org\/{rel}","templated":true}]}}