{"id":5471,"date":"2014-04-10T15:31:09","date_gmt":"2014-04-10T15:31:09","guid":{"rendered":"http:\/\/uni.edu.py\/?page_id=5471"},"modified":"2014-04-10T15:31:09","modified_gmt":"2014-04-10T15:31:09","slug":"mapa-del-sitio-web","status":"publish","type":"page","link":"https:\/\/archivo.uni.edu.py\/2014-2017\/mapa-del-sitio-web\/","title":{"rendered":"Mapa del Sitio Web"},"content":{"rendered":"<h2>P\u00e1gina Principal<\/h2>\n<p style=\"padding-left: 30px;\"><a href=\"http:\/\/archivo.uni.edu.py\/2014-2017\/\">Home<\/a><\/p>\n<h2>Institucional<\/h2>\n<ul>\n<li><a href=\"http:\/\/archivo.uni.edu.py\/2014-2017\/universidad\/\">P\u00e1gina Principal de Institucionales<\/a><\/li>\n<li><a href=\"http:\/\/archivo.uni.edu.py\/2014-2017\/vision-y-mision\/\">Visi\u00f3n y Misi\u00f3n de la UNI<\/a><\/li>\n<li><a href=\"http:\/\/archivo.uni.edu.py\/2014-2017\/historia\/\">Historia de la UNI<\/a><\/li>\n<li><a href=\"http:\/\/archivo.uni.edu.py\/2014-2017\/autoridades\/\">Autoridades de la UNI<\/a><\/li>\n<li><a href=\"http:\/\/archivo.uni.edu.py\/2014-2017\/mensaje-del-rector\/\">Mensaje del Rector<\/a><\/li>\n<li><a href=\"http:\/\/archivo.uni.edu.py\/2014-2017\/academicos\/logo-oficial-de-la-universidad\/\">Logo Oficial de la Universidad<\/a><\/li>\n<li><a href=\"http:\/\/archivo.uni.edu.py\/2014-2017\/direccion-administrativa\/\">Direcci\u00f3n Administrativa<\/a><\/li>\n<li><a href=\"http:\/\/archivo.uni.edu.py\/2014-2017\/direccion-de-planificaciones\/\">Direcci\u00f3n de Planificaciones<\/a><\/li>\n<li><a href=\"http:\/\/archivo.uni.edu.py\/2014-2017\/direccion-administrativa\/departamento-de-recursos-humanos\/\">Departamento de Recursos Humanos<\/a><\/li>\n<\/ul>\n<h2>Gestion UNI<\/h2>\n<ul>\n<li><a href=\"http:\/\/archivo.uni.edu.py\/2014-2017\/gestion\/\">P\u00e1gina Principal de Gesti\u00f3n UNI<\/a><\/li>\n<li><a href=\"http:\/\/archivo.uni.edu.py\/2014-2017\/gestion\/plan-estrategico\/\">Plan Estrat\u00e9gico de la UNI<\/a><\/li>\n<li><a href=\"http:\/\/archivo.uni.edu.py\/2014-2017\/gestion\/estatuto-y-reglamentos\/\">Estatuto y Reglamentos de la UNI<\/a><\/li>\n<li><a href=\"http:\/\/archivo.uni.edu.py\/2014-2017\/gestion\/codigo-de-etica-de-la-uni\/\">C\u00f3digo de \u00c9tica de la UNI<\/a><\/li>\n<li><a href=\"http:\/\/archivo.uni.edu.py\/2014-2017\/gestion\/codigo-del-buen-gobierno\/\" target=\"_blank\">C\u00f3digo del Buen Gobierno de la UNI<\/a><\/li>\n<li><a href=\"http:\/\/archivo.uni.edu.py\/2014-2017\/gestion\/convenios-y-acuerdos\/\">Convenios y Acuerdos<\/a><\/li>\n<li><a href=\"http:\/\/archivo.uni.edu.py\/2014-2017\/gestion\/llamado-a-concurso-publico-de-oposicion\/\">Llamado a Concurso P\u00fablico de Oposici\u00f3n<\/a><\/li>\n<\/ul>\n<h2>MECIP UNI<\/h2>\n<ul id=\"menu-mecip-nav\">\n<li id=\"menu-item-4105\"><a href=\"http:\/\/archivo.uni.edu.py\/2014-2017\/gestion\/mecip\/\">P\u00e1gina Principal de MECIP<\/a><a href=\"http:\/\/archivo.uni.edu.py\/2014-2017\/gestion\/mecip\/\"><br \/>\n<\/a><\/li>\n<li><a href=\"http:\/\/archivo.uni.edu.py\/2014-2017\/category\/gestion\/mecip\/\">Listado de Noticias Referentes al Proceso MECIP en la UNI<\/a><\/li>\n<li id=\"menu-item-4106\"><a href=\"http:\/\/archivo.uni.edu.py\/2014-2017\/gestion\/mecip\/componente-corporativo-de-control-estrategico\/\">Componente Corporativo de Control Estrat\u00e9gico<\/a><\/li>\n<li id=\"menu-item-4107\"><a href=\"http:\/\/archivo.uni.edu.py\/2014-2017\/gestion\/mecip\/componente-corporativo-de-control-de-gestion\/\">Componente Corporativo de Control de Gesti\u00f3n<\/a><\/li>\n<li id=\"menu-item-4108\"><a href=\"http:\/\/archivo.uni.edu.py\/2014-2017\/gestion\/mecip\/componente-corporativo-de-control-de-evaluacion\/\">Componente Corporativo de Control de Evaluaci\u00f3n<\/a><\/li>\n<li id=\"menu-item-4109\"><a href=\"http:\/\/archivo.uni.edu.py\/2014-2017\/gestion\/mecip\/estructura-de-control\/\">Estructura de Control MECIP<\/a><\/li>\n<li id=\"menu-item-4110\"><a href=\"http:\/\/archivo.uni.edu.py\/2014-2017\/gestion\/mecip\/el-control-interno-y-sus-objetivos\/\">El Control Interno y sus Objetivos<\/a><\/li>\n<\/ul>\n<h2>Sedes UNI<\/h2>\n<ul>\n<li><a href=\"http:\/\/archivo.uni.edu.py\/2014-2017\/category\/gestion\/sedes\/\">Listado de Noticias procedente de las Sedes UNI<\/a><\/li>\n<li><a href=\"http:\/\/archivo.uni.edu.py\/2014-2017\/sede\/\">Listado de Sedes UNI<\/a><\/li>\n<li><a href=\"http:\/\/archivo.uni.edu.py\/2014-2017\/sede\/campus-encarnacion\/\">Sede Central &#8211; Campus Encarnaci\u00f3n<\/a><\/li>\n<li><a href=\"http:\/\/archivo.uni.edu.py\/2014-2017\/sede\/coronel-bogado\/\">Sede Coronel Bogado<\/a><\/li>\n<li><a href=\"http:\/\/archivo.uni.edu.py\/2014-2017\/sede\/maria-auxiliadora\/\">Sede Mar\u00eda Auxiliadora<\/a><\/li>\n<li><a href=\"http:\/\/archivo.uni.edu.py\/2014-2017\/sede\/natalio\/\">Sede Natalio<\/a><\/li>\n<li><a href=\"http:\/\/archivo.uni.edu.py\/2014-2017\/sede\/general-artigas\/\">Sede General Artigas<\/a><\/li>\n<li><a href=\"http:\/\/archivo.uni.edu.py\/2014-2017\/sede\/mayor-otano\/\">Sede Mayor Ota\u00f1o<\/a><\/li>\n<li><a href=\"http:\/\/archivo.uni.edu.py\/2014-2017\/sede\/san-pedro-del-parana\/\">Sede San Pedro del Paran\u00e1<\/a><\/li>\n<\/ul>\n<h2>Acad\u00e9micos<\/h2>\n<ul>\n<li><a href=\"http:\/\/archivo.uni.edu.py\/2014-2017\/academicos\/\">P\u00e1gina Principal de Acad\u00e9micos<\/a><\/li>\n<li><a href=\"http:\/\/archivo.uni.edu.py\/2014-2017\/category\/academicos\/\">Listado de Noticias Referentes a Acad\u00e9micos<\/a><\/li>\n<li><a href=\"http:\/\/archivo.uni.edu.py\/2014-2017\/category\/academicos\/facultades\/\">Listado de Noticias Referentes a las Distintas Facultades<\/a><\/li>\n<li><a href=\"http:\/\/archivo.uni.edu.py\/2014-2017\/category\/academicos\/posgrado\/\">Listado de Noticias Referentes a la Escuela de Posgrado\u00a0<\/a><\/li>\n<li><a href=\"http:\/\/archivo.uni.edu.py\/2014-2017\/academicos\/?category_name=facultades\">Listado de las Facultades UNI<\/a><\/li>\n<li><a href=\"http:\/\/archivo.uni.edu.py\/2014-2017\/academicos\/facultad-de-ingenieria\/\">Facultad de Ingenier\u00eda<\/a><\/li>\n<li><a href=\"http:\/\/archivo.uni.edu.py\/2014-2017\/academicos\/facultad-de-medicina\/\">Facultad de Medicina<\/a><\/li>\n<li><a href=\"http:\/\/archivo.uni.edu.py\/2014-2017\/academicos\/facultad-de-humanidades\/\">Facultad de Medicina<\/a><\/li>\n<li><a href=\"http:\/\/archivo.uni.edu.py\/2014-2017\/academicos\/facultad-de-ciencias-economicas-y-administrativas\/\">Facultad de Ciencias Econ\u00f3micas y Administrativas<\/a><\/li>\n<li><a href=\"http:\/\/archivo.uni.edu.py\/2014-2017\/academicos\/facultad-de-ciencias-juridicas\/\">Facultad de Ciencias Jur\u00eddicas<\/a><\/li>\n<li><a href=\"http:\/\/archivo.uni.edu.py\/2014-2017\/academicos\/facultad-de-ciencias-agropecuarias-forestales\/\">Facultad de Ciencias Agropecuarias y Forestales<\/a><\/li>\n<li><a href=\"http:\/\/archivo.uni.edu.py\/2014-2017\/academicos\/facultad-de-ciencias-y-tecnologia\/\">Facultad de Ciencias y Tecnolog\u00eda<\/a><\/li>\n<li><a href=\"http:\/\/archivo.uni.edu.py\/2014-2017\/academicos\/?category_name=ingreso\">Listado CPA (Curso Preparatorio de Admisi\u00f3n) de las distintas Facultades<\/a><\/li>\n<li><a href=\"http:\/\/archivo.uni.edu.py\/2014-2017\/academicos\/curso-preparatorio-de-admision-facultad-de-ingenieria\/\">CPA Facultad de Ingenier\u00eda<\/a><\/li>\n<li><a href=\"http:\/\/archivo.uni.edu.py\/2014-2017\/academicos\/curso-preparatorio-de-admision-facultad-de-medicina\/\">CPA Facultad de Medicina<\/a><\/li>\n<li><a href=\"http:\/\/archivo.uni.edu.py\/2014-2017\/academicos\/curso-preparatorio-de-admision-de-la-facultad-de-ciencias-y-tecnologia\/\">CPA Facultad de Ciencias Agropecuarias y Forestales<\/a><\/li>\n<li><a href=\"http:\/\/archivo.uni.edu.py\/2014-2017\/academicos\/curso-preparatorio-de-admision-facaf\/\">CPA de la Facultad de Ciencias Econ\u00f3micas y Administrativas<\/a><\/li>\n<li><a href=\"http:\/\/archivo.uni.edu.py\/2014-2017\/academicos\/facultad-de-ciencias-y-tecnologia\/\">CPA de la Facultad de Ciencias y Tecnolog\u00eda<\/a><\/li>\n<\/ul>\n<h2>Investigaci\u00f3n<\/h2>\n<ul>\n<li><a href=\"http:\/\/archivo.uni.edu.py\/2014-2017\/category\/investigacion\/articulos-investigacion\/\">Art\u00edculos de Investigaci\u00f3n<\/a><\/li>\n<li><a href=\"http:\/\/archivo.uni.edu.py\/2014-2017\/category\/investigacion\/\">Listado de Noticias Referentes de Investigaci\u00f3n<\/a><\/li>\n<li><a href=\"http:\/\/www.cyt.uni.edu.py\/publicaciones\/index.php\/REISA\/index\" target=\"_blank\">Revista Cient\u00edfica de la UNI<\/a><\/li>\n<li><a href=\"http:\/\/investigacion.uni.edu.py\/\" target=\"_blank\">Sitio Web Dpto. de Investigaciones de la UNI<\/a><\/li>\n<\/ul>\n<h2>Relaciones Internacionales<\/h2>\n<ul>\n<li><a href=\"http:\/\/archivo.uni.edu.py\/2014-2017\/relaciones-internacionales\/\" target=\"_blank\">P\u00e1gina Principal de Relaciones Internacionales<\/a><\/li>\n<li><a href=\"http:\/\/archivo.uni.edu.py\/2014-2017\/category\/internacionales\/\">Listado de Noticias de Movilidad y Relaciones Internacionales<\/a><\/li>\n<li><a href=\"http:\/\/archivo.uni.edu.py\/2014-2017\/rrii\/mision-y-vision-oficina-relaciones-internacionales\/\">Visi\u00f3n y Misi\u00f3n Dpto. Relaciones Internacionales<\/a><\/li>\n<li><a href=\"http:\/\/archivo.uni.edu.py\/2014-2017\/rrii\/objetivos-oficina-relaciones-internacionales\/\">Objetivos del\u00a0Dpto. Relaciones Internacionales<\/a><\/li>\n<li><a href=\"http:\/\/archivo.uni.edu.py\/2014-2017\/rrii\/funciones-oficina-de-relaciones-internacionales\/\">Funciones del Dpto. Relaciones Internacionales<\/a><\/li>\n<li><a href=\"http:\/\/archivo.uni.edu.py\/2014-2017\/category\/internacionales\/\">Movilidad Internacional<\/a><\/li>\n<li><a href=\"http:\/\/archivo.uni.edu.py\/2014-2017\/rrii\/convenios-internacionales\/\">Convenios Internacionales<\/a><\/li>\n<li><strong>Programas de Becas Internacionales:<\/strong>\n<ul>\n<li><a href=\"http:\/\/archivo.uni.edu.py\/2014-2017\/rrii\/movilidad-internacional\/pmm-fase-piloto\">PMM \u2013 Fase Piloto<\/a><\/li>\n<li><a href=\"http:\/\/archivo.uni.edu.py\/2014-2017\/rrii\/movilidad-internacional\/augm-asociacion-de-universidades-de-grupo-montevideo\">AUGM \u2013 Asociaci\u00f3n de Universidades de Grupo Montevideo<\/a><\/li>\n<li><a href=\"http:\/\/archivo.uni.edu.py\/2014-2017\/rrii\/movilidad-internacional\/zicosur\">ZICOSUR \u2013 Zona de Integraci\u00f3n del Centro Oeste de Am\u00e9rica Latina del Sur<\/a><\/li>\n<li><a href=\"http:\/\/archivo.uni.edu.py\/2014-2017\/rrii\/movilidad-internacional\/erasmus-mundus\">ERASMUS LINDUS\u00a0<\/a><\/li>\n<li><em><a href=\"http:\/\/archivo.uni.edu.py\/2014-2017\/rrii\/movilidad-internacional\/erasmus-mundus\/mundus-lindus\">MUNDUS LINDO<\/a><\/em>\n<ul>\n<li><em><a href=\"http:\/\/archivo.uni.edu.py\/2014-2017\/rrii\/movilidad-internacional\/erasmus-mundus\/babel\">BABEL<\/a><\/em><\/li>\n<li><em><a href=\"http:\/\/archivo.uni.edu.py\/2014-2017\/rrii\/movilidad-internacional\/erasmus-mundus\/preciosa\">PRECIOSA<\/a><\/em><\/li>\n<\/ul>\n<\/li>\n<\/ul>\n<\/li>\n<li><a href=\"http:\/\/archivo.uni.edu.py\/2014-2017\/category\/internacionales\/reviews\/\">Experiencia de Becados de la UNI<\/a><\/li>\n<\/ul>\n<h2>Bienestar Universitario<\/h2>\n<ul>\n<li><a href=\"http:\/\/archivo.uni.edu.py\/2014-2017\/bienestar-universitario\/\">P\u00e1gina Principal de Bienestar Universitario<\/a><\/li>\n<li><a href=\"http:\/\/archivo.uni.edu.py\/2014-2017\/category\/bienestar-universitario\/\">Listado de Noticias de Bienestar Universitario en la UNI<\/a><\/li>\n<li><a title=\"Ver las Becas y Oportunidades para Estudiantes de la UNI\" href=\"http:\/\/archivo.uni.edu.py\/2014-2017\/bienestar-universitario\/becas-y-oportunidades\" target=\"_blank\">Becas y Oportunidades<\/a>\n<ul>\n<li><em><a title=\"Becas otorgadas por la UNI\" href=\"http:\/\/archivo.uni.edu.py\/2014-2017\/bienestar-universitario\/becas-y-oportunidades\/becas-otorgadas-por-la-uni\/\" target=\"_blank\">Becas otorgadas por la UNI<\/a><\/em><\/li>\n<li><em><a title=\"Becas por Convenio con la UNI\" href=\"http:\/\/archivo.uni.edu.py\/2014-2017\/bienestar-universitario\/becas-y-oportunidades\/becas-por-convenios\/\" target=\"_blank\">Becas por Convenios<\/a><\/em><\/li>\n<\/ul>\n<\/li>\n<li><a href=\"http:\/\/archivo.uni.edu.py\/2014-2017\/category\/extension-universitaria\/bienestar-universitario\/becas\/\">Listado de Noticias de Becas y Oportunidades<\/a><\/li>\n<li><a title=\"Conocer de los Servicios M\u00e9dicos de la UNI\" href=\"http:\/\/archivo.uni.edu.py\/2014-2017\/bienestar-universitario\/servicios-medicos\" target=\"_blank\">Servicios M\u00e9dicos<\/a><\/li>\n<li><a title=\"Conozca las actividades y objetivos de la Divisi\u00f3n de Orientaci\u00f3n y A. Social\" href=\"http:\/\/archivo.uni.edu.py\/2014-2017\/bienestar-universitario\/orientacion-y-asistencia-social\" target=\"_blank\">Orientaci\u00f3n y Asistencia Social<\/a><\/li>\n<li><a title=\"Conocer actividades de la Divisi\u00f3n de Deportes\" href=\"http:\/\/archivo.uni.edu.py\/2014-2017\/bienestar-universitario\/deportes\" target=\"_blank\">Deportes<\/a><\/li>\n<\/ul>\n<h2>Extensi\u00f3n Universitaria<\/h2>\n<ul>\n<li><a href=\"http:\/\/archivo.uni.edu.py\/2014-2017\/extension-universitaria\/\">P\u00e1gina Principal de Extensi\u00f3n Universitaria<\/a><\/li>\n<li><a href=\"http:\/\/archivo.uni.edu.py\/2014-2017\/category\/extension-universitaria\/incuni\/\">INCUNI &#8211; Incubadora de Empresas UNI<\/a><\/li>\n<li><a href=\"http:\/\/archivo.uni.edu.py\/2014-2017\/extension\/\">Proyectos y Programas de Extensi\u00f3n<\/a>\n<ul>\n<li><a href=\"http:\/\/archivo.uni.edu.py\/2014-2017\/extension\/uni-vida\/\">Programa UNI VIDA<\/a><\/li>\n<li><strong>Charlas, <strong>Cursos y\u00a0<\/strong>Talleres de Capacitaci\u00f3n<\/strong>\n<ul>\n<li><a href=\"http:\/\/archivo.uni.edu.py\/2014-2017\/extension\/curso-de-formacion-en-planificacion-y-guiado-de-turismo\/\">Curso de Planificaci\u00f3n y Guiado<\/a><\/li>\n<li><a href=\"http:\/\/archivo.uni.edu.py\/2014-2017\/extension\/curso-de-alfabetizacion-a-jefes-de-familia-del-barrio-san-pedro\/\">Curso de Alfabetizaci\u00f3n a Jefes de Familia del B\u00ba San Pedro<\/a><\/li>\n<li><a href=\"http:\/\/archivo.uni.edu.py\/2014-2017\/extension\/curso-de-capacitacion-para-funcionarios-de-la-ande\/\">Curso de Capacitaci\u00f3n Para Funcionarios de la ANDE<\/a><\/li>\n<li><a href=\"http:\/\/archivo.uni.edu.py\/2014-2017\/extension\/charla-sobre-educacion-y-seguridad-vial\/\">Charla Sobre Educaci\u00f3n y Seguridad Vial<\/a><\/li>\n<\/ul>\n<\/li>\n<li><strong>Congresos y Encuentros Nacionales e Internacionales<\/strong>\n<ul>\n<li><a href=\"http:\/\/archivo.uni.edu.py\/2014-2017\/extension\/congreso-regional-de-soja-y-girasol\/\">Congreso Regional de Soja y Girasol<\/a><\/li>\n<li><a href=\"http:\/\/archivo.uni.edu.py\/2014-2017\/extension\/congreso-paraguayo-de-recursos-hidricos\">Congreso Nacional de Recursos H\u00eddricos<\/a><\/li>\n<li><a href=\"http:\/\/archivo.uni.edu.py\/2014-2017\/extension\/congreso-internacional-de-arroz\/\">Congreso Internacional del Arroz<\/a><\/li>\n<li><a href=\"http:\/\/archivo.uni.edu.py\/2014-2017\/extension\/encuentro-internacional-de-gestores-culturales-y-ambientales\/\">Encuentro Internacional de Gestores Culturales y Ambientales<\/a><\/li>\n<\/ul>\n<\/li>\n<\/ul>\n<\/li>\n<\/ul>\n<h2>Noticias y Publicaciones del Sitio Web<\/h2>\n<ul>\n<li><a href=\"http:\/\/archivo.uni.edu.py\/2014-2017\/publicaciones\/\">P\u00e1gina Principal de Publicaciones<\/a><\/li>\n<li><a href=\"http:\/\/archivo.uni.edu.py\/2014-2017\/category\/noticias\/\">Listado de Noticias Publicadas<\/a><\/li>\n<li><a href=\"http:\/\/archivo.uni.edu.py\/2014-2017\/category\/noticias\/destacados\/\">Listado de Noticias Destacadas<\/a><\/li>\n<li><a href=\"http:\/\/archivo.uni.edu.py\/2014-2017\/galeria-de-videos\/\">Galer\u00eda de V\u00eddeos<\/a><\/li>\n<\/ul>\n<h2>Revista Informativa de la UNI<\/h2>\n<ul>\n<li><a href=\"http:\/\/archivo.uni.edu.py\/2014-2017\/revista\">Hist\u00f3rico de la Revista Informativa de la UNI<\/a><\/li>\n<li><a href=\"http:\/\/archivo.uni.edu.py\/2014-2017\/revista\/nov-diciembre-2013\/\">Revista Informativa Edici\u00f3n Noviembre-Diciembre 2013<\/a><\/li>\n<li><a href=\"http:\/\/archivo.uni.edu.py\/2014-2017\/revista\/set-octubre-2013\/\">Revista Informativa Edici\u00f3n Setiembre-Octubre 2013<\/a><\/li>\n<li><a href=\"http:\/\/archivo.uni.edu.py\/2014-2017\/revista\/julio-agosto-2013\/\">Revista Informativa Edici\u00f3n Julio-Agosto 2013<\/a><\/li>\n<li><a href=\"http:\/\/archivo.uni.edu.py\/2014-2017\/revista\/mayo-junio-2013\/\">Revista Informativa Edici\u00f3n Mayo-Junio 2013<\/a><\/li>\n<li><a href=\"http:\/\/archivo.uni.edu.py\/2014-2017\/revista\/marzo-abril-2013\/\">Revista Informativa Edici\u00f3n Marzo-Abril 2013<\/a><\/li>\n<li><a href=\"http:\/\/archivo.uni.edu.py\/2014-2017\/revista\/enero-febrero-2013\/\">Revista Informativa Edici\u00f3n Enero-Febrero 2013<\/a><\/li>\n<li><a href=\"http:\/\/archivo.uni.edu.py\/2014-2017\/revista\/noviembre-diciembre-2012\/\">Revista Informativa Edici\u00f3n Noviembre-Diciembre 2012<\/a><\/li>\n<li><a href=\"http:\/\/archivo.uni.edu.py\/2014-2017\/revista\/setiembre-octubre-2012\/\">Revista Informativa Edici\u00f3n Setiembre-Octubre 2012<\/a><\/li>\n<li><a href=\"http:\/\/archivo.uni.edu.py\/2014-2017\/revista\/julio-agosto-2012\/\">Revista Informativa Edici\u00f3n Julio-Agosto 2012<\/a><\/li>\n<li><a href=\"http:\/\/archivo.uni.edu.py\/2014-2017\/revista\/mayo-junio-2012\/\">Revista Informativa Edici\u00f3n Mayo-Junio 2012<\/a><\/li>\n<\/ul>\n<h2>Contactos UNI<\/h2>\n<ul>\n<li><a href=\"http:\/\/archivo.uni.edu.py\/2014-2017\/contacto-rectorado\/\">Contactos del Rectorado<\/a><\/li>\n<li><a href=\"http:\/\/archivo.uni.edu.py\/2014-2017\/contacto-sedes\/\">Contactos Sedes de la UNI<\/a><\/li>\n<li><a href=\"http:\/\/archivo.uni.edu.py\/2014-2017\/contacto-unidades-academicas\/\">Contactos Unidades Ac\u00e1demicas de la UNI<\/a><\/li>\n<li><a href=\"http:\/\/archivo.uni.edu.py\/2014-2017\/contacto\/\">Formulario de Contacto Webmaster<\/a><\/li>\n<\/ul>\n<h2><\/h2>\n","protected":false},"excerpt":{"rendered":"<p>P\u00e1gina Principal Home Institucional P\u00e1gina Principal de Institucionales Visi\u00f3n y Misi\u00f3n de la UNI Historia de la UNI Autoridades de la UNI Mensaje del Rector Logo Oficial de la Universidad Direcci\u00f3n Administrativa Direcci\u00f3n de Planificaciones Departamento de Recursos Humanos Gestion UNI P\u00e1gina Principal de Gesti\u00f3n UNI Plan Estrat\u00e9gico de la UNI Estatuto y Reglamentos de [&hellip;]<\/p>\n","protected":false},"author":1,"featured_media":0,"parent":0,"menu_order":0,"comment_status":"open","ping_status":"open","template":"page-full.php","meta":[],"_links":{"self":[{"href":"https:\/\/archivo.uni.edu.py\/2014-2017\/wp-json\/wp\/v2\/pages\/5471"}],"collection":[{"href":"https:\/\/archivo.uni.edu.py\/2014-2017\/wp-json\/wp\/v2\/pages"}],"about":[{"href":"https:\/\/archivo.uni.edu.py\/2014-2017\/wp-json\/wp\/v2\/types\/page"}],"author":[{"embeddable":true,"href":"https:\/\/archivo.uni.edu.py\/2014-2017\/wp-json\/wp\/v2\/users\/1"}],"replies":[{"embeddable":true,"href":"https:\/\/archivo.uni.edu.py\/2014-2017\/wp-json\/wp\/v2\/comments?post=5471"}],"version-history":[{"count":15,"href":"https:\/\/archivo.uni.edu.py\/2014-2017\/wp-json\/wp\/v2\/pages\/5471\/revisions"}],"predecessor-version":[{"id":5574,"href":"https:\/\/archivo.uni.edu.py\/2014-2017\/wp-json\/wp\/v2\/pages\/5471\/revisions\/5574"}],"wp:attachment":[{"href":"https:\/\/archivo.uni.edu.py\/2014-2017\/wp-json\/wp\/v2\/media?parent=5471"}],"curies":[{"name":"wp","href":"https:\/\/api.w.org\/{rel}","templated":true}]}}