{"id":1678,"date":"2013-09-26T16:45:14","date_gmt":"2013-09-26T16:45:14","guid":{"rendered":"http:\/\/uni.edu.py\/?page_id=1678"},"modified":"2017-02-24T14:52:03","modified_gmt":"2017-02-24T18:52:03","slug":"contacto-rectorado","status":"publish","type":"page","link":"https:\/\/archivo.uni.edu.py\/2014-2017\/contacto-rectorado\/","title":{"rendered":"Contacto &#8211; Rectorado"},"content":{"rendered":"<table border=\"0\" cellspacing=\"0\">\n<colgroup width=\"85\"><\/colgroup>\n<colgroup width=\"154\"><\/colgroup>\n<colgroup width=\"172\"><\/colgroup>\n<colgroup width=\"805\"><\/colgroup>\n<tbody>\n<tr>\n<td align=\"CENTER\" bgcolor=\"#FFFFCC\" height=\"19\"><b><span style=\"color: #804c19; font-size: medium;\">Interno<\/span><\/b><\/td>\n<td align=\"CENTER\" bgcolor=\"#FFFFCC\"><b><span style=\"color: #804c19; font-size: medium;\">Email<\/span><\/b><\/td>\n<td align=\"CENTER\" bgcolor=\"#FFFFCC\"><b><span style=\"color: #804c19; font-size: medium;\">Secci\u00f3n<\/span><\/b><\/td>\n<td align=\"CENTER\" bgcolor=\"#FFFFCC\"><b><span style=\"color: #804c19; font-size: medium;\">Funcionario<\/span><\/b><\/td>\n<\/tr>\n<tr>\n<td align=\"CENTER\" height=\"19\"><span style=\"font-size: medium;\">101<\/span><\/td>\n<td align=\"LEFT\"><span style=\"font-size: medium;\">\u00a0<\/span><\/td>\n<td align=\"LEFT\"><span style=\"font-size: medium;\">Operadora<\/span><\/td>\n<td align=\"LEFT\"><span style=\"font-size: medium;\">Cintia Rojas Aranda<br \/>\n<\/span><\/td>\n<\/tr>\n<tr>\n<td align=\"CENTER\" height=\"19\"><span style=\"font-size: medium;\">102<\/span><\/td>\n<td align=\"LEFT\"><span style=\"font-size: medium;\"><a href=\"mailto:rector@uni.edu.py\">rector@uni.edu.py<\/a><\/span><\/td>\n<td align=\"LEFT\"><span style=\"font-size: medium;\">Rector<\/span><\/td>\n<td align=\"LEFT\"><span style=\"font-size: medium;\">Prof. Ing. Hildegardo Gonz\u00e1lez Irala<\/span><\/td>\n<\/tr>\n<tr>\n<td align=\"CENTER\" height=\"19\"><span style=\"font-size: medium;\">103<\/span><\/td>\n<td align=\"LEFT\"><span style=\"font-size: medium;\"><a href=\"mailto:vicerrectora@uni.edu.py\">vicerrectora@uni.edu.py<\/a><\/span><\/td>\n<td align=\"LEFT\"><span style=\"font-size: medium;\">Vicerrectorado<\/span><\/td>\n<td align=\"LEFT\"><span style=\"font-size: medium;\">Prof. Dra. Yilda Ag\u00fcero de Talavera<\/span><\/td>\n<\/tr>\n<tr>\n<td align=\"CENTER\" height=\"36\"><span style=\"font-size: medium;\">104<\/span><\/td>\n<td align=\"LEFT\"><span style=\"font-size: medium;\"><a href=\"mailto:planificacion@uni.edu.py\">planificacion@uni.edu.py<\/a><\/span><\/td>\n<td align=\"LEFT\"><span style=\"font-size: medium;\">Dpto. T\u00e9cnico de Planificaci\u00f3n<\/span><\/td>\n<td align=\"LEFT\"><span style=\"font-size: medium;\">Edith P\u00e1ez- Mirian Mor\u00ednigo-Roberto Novosad-Daiane Schalenberger-Blas Soto<\/span><\/td>\n<\/tr>\n<tr>\n<td align=\"CENTER\" height=\"36\"><span style=\"font-size: medium;\">105<\/span><\/td>\n<td align=\"LEFT\"><span style=\"font-size: medium;\"><a href=\"mailto:planificacion@uni.edu.py\">planificacion@uni.edu.py<\/a><\/span><\/td>\n<td align=\"LEFT\"><span style=\"font-size: medium;\">Direcci\u00f3n de Planificaci\u00f3n<\/span><\/td>\n<td align=\"LEFT\"><span style=\"font-size: medium;\">Javier Palacios<\/span><\/td>\n<\/tr>\n<tr>\n<td align=\"CENTER\" height=\"36\"><span style=\"font-size: medium;\">106<\/span><\/td>\n<td align=\"LEFT\"><span style=\"font-size: medium;\"><a href=\"mailto:posgrado@uni.edu.py\">posgrado@uni.edu.py<\/a><\/span><\/td>\n<td align=\"LEFT\"><span style=\"font-size: medium;\">Direcci\u00f3n de Posgrado<\/span><\/td>\n<td align=\"LEFT\"><span style=\"font-size: medium;\">Perla Sosa-Gloria Gonz\u00e1lez<br \/>\n<\/span><\/td>\n<\/tr>\n<tr>\n<td align=\"CENTER\" height=\"36\"><span style=\"font-size: medium;\">107<\/span><\/td>\n<td align=\"LEFT\"><span style=\"font-size: medium;\"><a href=\"mailto:administracion@uni.edu.py\">administracion@uni.edu.py<\/a><\/span><\/td>\n<td align=\"LEFT\"><span style=\"font-size: medium;\">Direcci\u00f3n Administrativa<\/span><\/td>\n<td align=\"LEFT\"><span style=\"font-size: medium;\">Nelly Monges de Insfr\u00e1n-Evelyn Lobos-Rub\u00e9n Sosa &#8211; Luz N\u00fa\u00f1ez<br \/>\n<\/span><\/td>\n<\/tr>\n<tr>\n<td align=\"CENTER\" height=\"19\"><span style=\"font-size: medium;\">108<\/span><\/td>\n<td align=\"LEFT\"><span style=\"font-size: medium;\"><a href=\"mailto:dir.academica@uni.edu.py\">dir.academica@uni.edu.py<\/a><\/span><\/td>\n<td align=\"LEFT\"><span style=\"font-size: medium;\">Direcci\u00f3n Acad\u00e9mica<\/span><\/td>\n<td align=\"LEFT\"><span style=\"font-size: medium;\">Gloria Arias-Juan Carlos Jimenez<\/span><\/td>\n<\/tr>\n<tr>\n<td align=\"CENTER\" height=\"36\"><span style=\"font-size: medium;\">109<\/span><\/td>\n<td align=\"LEFT\"><span style=\"font-size: medium;\"><a href=\"mailto:secretariageneral@uni.edu.py\">secretariageneral@uni.edu.py<\/a><\/span><!--StartFragment--><span style=\"font-size: medium;\"><a href=\"mailto:secretariageneral@uni.edu.py\">harce@uni.edu.py<\/a><\/span><!--EndFragment--><\/td>\n<td align=\"LEFT\"><span style=\"font-size: medium;\">Secretaria Gral.-Asuntos Legales<br \/>\n<\/span><\/td>\n<td align=\"LEFT\"><span style=\"font-size: medium;\">N\u00e9stor Ib\u00e1\u00f1ez-Ivan Alvarez-Gustavo Gam\u00f3n &#8211; Laura Gim\u00e9nez Matiauda &#8211; Hirmina Arce<br \/>\n<\/span><\/td>\n<\/tr>\n<tr>\n<td align=\"CENTER\" height=\"36\"><span style=\"font-size: medium;\">110<\/span><\/td>\n<td align=\"LEFT\"><span style=\"font-size: medium;\"><a href=\"mailto:direccionyfinanzas@uni.edu.py\">direccionyfinanzas@uni.edu.py<\/a><\/span><\/td>\n<td align=\"LEFT\"><span style=\"font-size: medium;\">Direc. General de Adm. y Finanzas<\/span><\/td>\n<td align=\"LEFT\"><span style=\"font-size: medium;\">Marciano Leiva &#8211; Alcidia Ben\u00edtez &#8211; Asunci\u00f3n Ortiz<br \/>\n<\/span><\/td>\n<\/tr>\n<tr>\n<td align=\"CENTER\" height=\"36\"><span style=\"font-size: medium;\">112<\/span><\/td>\n<td align=\"LEFT\"><span style=\"font-size: medium;\"><a href=\"mailto:planificacion@uni.edu.py\">planificacion@uni.edu.py<\/a><\/span><\/td>\n<td align=\"LEFT\"><span style=\"font-size: medium;\">Dpto. T\u00e9cnico de Planificaci\u00f3n<\/span><\/td>\n<td align=\"LEFT\"><span style=\"font-size: medium;\">Angel Centuri\u00f3n-Euclides Gonz\u00e1lez-Pablo Ramos-Ever Ferreira<\/span><\/td>\n<\/tr>\n<tr>\n<td align=\"CENTER\" height=\"36\"><span style=\"font-size: medium;\">115<\/span><\/td>\n<td align=\"LEFT\"><span style=\"font-size: medium;\"><a href=\"mailto:d.invest.ext@uni.edu.py\">d.invest.ext@uni.edu.py<\/a><\/span><\/td>\n<td align=\"LEFT\"><span style=\"font-size: medium;\">Dpto. de Investigaci\u00f3n y Extensi\u00f3n<\/span><\/td>\n<td align=\"LEFT\"><span style=\"font-size: medium;\">Susana Fedoruk &#8211; Ernesto L\u00f3pez<br \/>\n<\/span><\/td>\n<\/tr>\n<tr>\n<td align=\"CENTER\" height=\"53\"><span style=\"font-size: medium;\">116<\/span><\/td>\n<td align=\"LEFT\"><span style=\"font-size: medium;\"><a href=\"mailto:%20direccionyfinanzas@uni.edu.py\">direccionyfinanzas@uni.edu.py<\/a><\/span><\/td>\n<td align=\"LEFT\"><span style=\"font-size: medium;\">Sria. de Administraci\u00f3n y Finanzas<\/span><\/td>\n<td align=\"LEFT\"><span style=\"font-size: medium;\">Alcidia Ben\u00edtez<\/span><\/td>\n<\/tr>\n<tr>\n<td align=\"CENTER\" height=\"19\"><span style=\"font-size: medium;\">117<\/span><\/td>\n<td align=\"LEFT\"><span style=\"font-size: medium;\"><a href=\"mailto:auditoria@uni.edu.py\">auditoria@uni.edu.py<\/a><\/span><\/td>\n<td align=\"LEFT\"><span style=\"font-size: medium;\">Dpto. Auditor\u00eda<\/span><\/td>\n<td align=\"LEFT\"><span style=\"font-size: medium;\">Miguel Mart\u00ednez-Patricia S\u00e1nchez<\/span><\/td>\n<\/tr>\n<tr>\n<td align=\"CENTER\" height=\"19\"><span style=\"font-size: medium;\">118<\/span><\/td>\n<td align=\"LEFT\"><span style=\"font-size: medium;\"><a href=\"mailto:informatica@uni.edu.py\">informatica@uni.edu.py<\/a><\/span><\/td>\n<td align=\"LEFT\"><span style=\"font-size: medium;\">Dpto. Inform\u00e1tica<\/span><\/td>\n<td align=\"LEFT\"><span style=\"font-size: medium;\">Pablo Villalba-Adrian Halaburda-Andr\u00e9s Zorrilla-Pedro Gim\u00e9nez<\/span><\/td>\n<\/tr>\n<tr>\n<td align=\"CENTER\" height=\"19\"><span style=\"font-size: medium;\">120<\/span><\/td>\n<td align=\"LEFT\"><span style=\"font-size: medium;\"><a href=\"mailto:rrhh@uni.edu.py\">rrhh@uni.edu.py<\/a><\/span><\/td>\n<td align=\"LEFT\"><span style=\"font-size: medium;\">Recursos Humanos<\/span><\/td>\n<td align=\"LEFT\"><span style=\"font-size: medium;\">Edith Gonzalez-Cynthia Ruiz D\u00edaz-Alejandra Silvero<\/span><\/td>\n<\/tr>\n<tr>\n<td align=\"CENTER\" height=\"19\"><span style=\"font-size: medium;\">121<\/span><\/td>\n<td align=\"LEFT\"><span style=\"font-size: medium;\"><a href=\"mailto:giraduria@uni.edu.py\">giraduria@uni.edu.py<\/a><\/span><\/td>\n<td align=\"LEFT\"><span style=\"font-size: medium;\">Giradur\u00eda<\/span><\/td>\n<td align=\"LEFT\"><span style=\"font-size: medium;\">Patricia Florent\u00edn-Carlos Gonzalez-Ester Chaparro-Irma Lopez<\/span><\/td>\n<\/tr>\n<tr>\n<td align=\"CENTER\" height=\"19\"><span style=\"font-size: medium;\">122<\/span><\/td>\n<td align=\"LEFT\"><span style=\"font-size: medium;\"><a href=\"mailto:uoc@uni.edu.py\">uoc@uni.edu.py<\/a><\/span><\/td>\n<td align=\"LEFT\"><span style=\"font-size: medium;\">Secretaria U.O.C<\/span><\/td>\n<td align=\"LEFT\"><span style=\"font-size: medium;\">Laura Ubeda-Nimia Ramos-Anal\u00eda Pacheco-Eva Rosa-Abel Apodaca<br \/>\n<\/span><\/td>\n<\/tr>\n<tr>\n<td align=\"CENTER\" height=\"19\"><span style=\"font-size: medium;\">128<\/span><\/td>\n<td align=\"LEFT\"><span style=\"font-size: medium;\"><a href=\"mailto:cri@uni.edu.py\">cri@uni.edu.py<\/a><\/span><\/td>\n<td align=\"LEFT\"><span style=\"font-size: medium;\">Biblioteca<\/span><\/td>\n<td align=\"LEFT\"><span style=\"font-size: medium;\"><span style=\"font-size: medium;\">Ignacia Zayas-Anal\u00eda Ibarra-Ricardo Gomez &#8211;<\/span><\/span><!--StartFragment--><span style=\"font-size: medium;\">J\u00e9ssica Ben\u00edtez &#8211; Vanesa Ar\u00e9valos<\/span><!--EndFragment--><\/td>\n<\/tr>\n<tr>\n<td align=\"CENTER\" height=\"19\"><span style=\"font-size: medium;\">129<\/span><\/td>\n<td align=\"LEFT\"><span style=\"font-size: medium;\"><a href=\"mailto:patrimonio@uni.edu.py\">patrimonio@uni.edu.py<\/a><\/span><\/td>\n<td align=\"LEFT\"><span style=\"font-size: medium;\">Patrimonio<\/span><\/td>\n<td align=\"LEFT\"><span style=\"font-size: medium;\">Mariela Mart\u00ednez-Emilce Sotelo<\/span><\/td>\n<\/tr>\n<tr>\n<td align=\"CENTER\" height=\"36\"><span style=\"font-size: medium;\">131<\/span><\/td>\n<td align=\"LEFT\"><span style=\"font-size: medium;\"><a href=\"mailto:lbogado@uni.edu.py\">lbogado@uni.edu.py<\/a><\/span><\/td>\n<td align=\"LEFT\"><span style=\"font-size: medium;\">Direcci\u00f3n Gral Acad\u00e9mica<\/span><\/td>\n<td align=\"LEFT\"><span style=\"font-size: medium;\"><span style=\"font-size: medium;\">Lucila Bogado &#8211;<\/span><\/span><!--StartFragment--><span style=\"font-size: medium;\">Deysi Cardozo<\/span><!--EndFragment--><span style=\"font-size: medium;\"><br \/>\n<\/span><\/td>\n<\/tr>\n<tr>\n<td align=\"CENTER\" height=\"36\"><span style=\"font-size: medium;\">132<\/span><\/td>\n<td align=\"LEFT\"><span style=\"font-size: medium;\"><a href=\"mailto:rrhh@uni.edu.py\">rrhh@uni.edu.py<\/a><\/span><\/td>\n<td align=\"LEFT\"><span style=\"font-size: medium;\">Direcci\u00f3n Recursos Humanos<\/span><\/td>\n<td align=\"LEFT\"><span style=\"font-size: medium;\">Anal\u00eda Caballero-Ram\u00f3n Prieto<\/span><\/td>\n<\/tr>\n<tr>\n<td align=\"CENTER\" height=\"19\"><span style=\"font-size: medium;\">133<\/span><\/td>\n<td align=\"LEFT\"><span style=\"font-size: medium;\"><a href=\"mailto:financiera@uni.edu.py\">financiera@uni.edu.py<\/a><\/span><\/td>\n<td align=\"LEFT\"><span style=\"font-size: medium;\">Direcci\u00f3n Financiera<\/span><\/td>\n<td align=\"LEFT\"><span style=\"font-size: medium;\">N\u00e9lida Lang<\/span><\/td>\n<\/tr>\n<tr>\n<td align=\"CENTER\" height=\"19\"><span style=\"font-size: medium;\">134<\/span><\/td>\n<td align=\"LEFT\"><span style=\"font-size: medium;\"><a href=\"mailto:giraduria@uni.edu.py\">giraduria@uni.edu.py<\/a><\/span><\/td>\n<td align=\"LEFT\"><span style=\"font-size: medium;\">Giradur\u00eda<\/span><\/td>\n<td align=\"LEFT\"><span style=\"font-size: medium;\">Ester Chaparro-Ester Gysin-Marisa Gonz\u00e1lez-Celia Cardozo-Cynthia Gonz\u00e1lez Fleitas &#8211; Reinaldo Cardozo<br \/>\n<\/span><\/td>\n<\/tr>\n<tr>\n<td align=\"CENTER\" height=\"53\"><span style=\"font-size: medium;\">136<\/span><\/td>\n<td align=\"LEFT\"><span style=\"font-size: medium;\"><a href=\"mailto:evaluacionacademica@uni.edu.py\">evaluacionacademica@uni.edu.py<\/a><\/span><\/td>\n<td align=\"LEFT\"><span style=\"font-size: medium;\">Evaluaci\u00f3n Acad\u00e9mica-Estad\u00edstica<\/span><\/td>\n<td align=\"LEFT\"><span style=\"font-size: medium;\">Eugenia Cyncar-Mauricio Villalba<\/span><\/td>\n<\/tr>\n<tr>\n<td align=\"CENTER\" height=\"36\"><span style=\"font-size: medium;\">136<\/span><\/td>\n<td align=\"LEFT\"><span style=\"font-size: medium;\"><a href=\"mailto:rrii@uni.edu.py\">rrii@uni.edu.py<\/a><\/span><\/td>\n<td align=\"LEFT\"><span style=\"font-size: medium;\">Relaciones Internacionales<\/span><\/td>\n<td align=\"LEFT\"><span style=\"font-size: medium;\">Teresita Regis-Pamela Garc\u00eda<\/span><\/td>\n<\/tr>\n<tr>\n<td align=\"CENTER\" height=\"19\"><span style=\"font-size: medium;\">137<\/span><\/td>\n<td align=\"LEFT\"><span style=\"font-size: medium;\"><a href=\"mailto:asesoriajuridica@uni.edu.py\">asesoriajuridica@uni.edu.py<\/a><\/span><\/td>\n<td align=\"LEFT\"><span style=\"font-size: medium;\">Asesor\u00eda Jur\u00eddica<\/span><\/td>\n<td align=\"LEFT\"><span style=\"font-size: medium;\">Juan Manuel Sosa-Blasida Acu\u00f1a-Raquel Vel\u00e1zquez-Dionicio Cabrera-Fernando Mauro<\/span><\/td>\n<\/tr>\n<tr>\n<td align=\"CENTER\" height=\"19\"><span style=\"font-size: medium;\">141<\/span><\/td>\n<td align=\"LEFT\"><span style=\"font-size: medium;\"><a href=\"mailto:presupuesto@uni.edu.py\">presupuesto@uni.edu.py<\/a><\/span><\/td>\n<td align=\"LEFT\"><span style=\"font-size: medium;\">Presupuesto<\/span><\/td>\n<td align=\"LEFT\"><span style=\"font-size: medium;\">Beatriz Chavez-Romilio Ocampos-Romina Castillo-Aldo Torales<\/span><\/td>\n<\/tr>\n<tr>\n<td align=\"CENTER\" height=\"19\"><span style=\"font-size: medium;\">142<\/span><\/td>\n<td align=\"LEFT\"><span style=\"font-size: medium;\"><a href=\"mailto:bienestar@uni.edu.py\">bienestar@uni.edu.py<\/a><\/span><\/td>\n<td align=\"LEFT\"><span style=\"font-size: medium;\">Bienestar Universitario<\/span><\/td>\n<td align=\"LEFT\"><span style=\"font-size: medium;\">David Mart\u00ednez<\/span><\/td>\n<\/tr>\n<tr>\n<td align=\"CENTER\" height=\"19\"><span style=\"font-size: medium;\">142<\/span><\/td>\n<td align=\"LEFT\"><span style=\"font-size: medium;\"><a href=\"mailto:posgrado@uni.edu.py\">posgrado@uni.edu.py<\/a><\/span><\/td>\n<td align=\"LEFT\"><span style=\"font-size: medium;\">Dpto. Posgrado<\/span><\/td>\n<td align=\"LEFT\"><span style=\"font-size: medium;\">Rosa Arapayu-Carlos Aquino-Gloria Gonz\u00e1lez &#8211; Viviana Aldana &#8211; Cynthia Fari\u00f1a &#8211; Christian Esp\u00ednola &#8211; Blanca Mart\u00ednez- Sergio Mor\u00ednigo<br \/>\n<\/span><\/td>\n<\/tr>\n<tr>\n<td align=\"CENTER\" height=\"36\"><span style=\"font-size: medium;\">142<\/span><\/td>\n<td align=\"LEFT\"><span style=\"font-size: medium;\"><a href=\"mailto:infoincuni@uni.edu.py\">infoincuni@uni.edu.py<\/a><\/span><\/td>\n<td align=\"LEFT\"><span style=\"font-size: medium;\">Incubadora de Empresas &#8211; INCUNI<\/span><\/td>\n<td align=\"LEFT\"><span style=\"font-size: medium;\">Mar\u00eda Helena Mart\u00ednez Arce<br \/>\n<\/span><\/td>\n<\/tr>\n<tr>\n<td align=\"CENTER\" height=\"36\"><span style=\"font-size: medium;\">143<\/span><\/td>\n<td align=\"LEFT\"><span style=\"font-size: medium;\"><a href=\"mailto:contabilidad@uni.edu.py\">contabilidad@uni.edu.py<\/a><\/span><\/td>\n<td align=\"LEFT\"><span style=\"font-size: medium;\">Contabilidad<\/span><\/td>\n<td align=\"LEFT\"><span style=\"font-size: medium;\">Mar\u00eda Ocampo-Walter Leiva-Carlos Vera-Walter Romero-Johana Delvalle &#8211; Mar\u00eda Elena Ramos &#8211; Romina Mi\u00f1o &#8211; Anal\u00eda Esp\u00ednola<br \/>\n<\/span><\/td>\n<\/tr>\n<tr>\n<td align=\"CENTER\" height=\"19\"><span style=\"font-size: medium;\">144<\/span><\/td>\n<td align=\"LEFT\"><span style=\"font-size: medium;\"><a href=\"mailto:vicerrectora@uni.edu.py\">vicerrectora@uni.edu.py<\/a><\/span><\/td>\n<td align=\"LEFT\"><span style=\"font-size: medium;\">Secretaria Vicerrectorado<\/span><\/td>\n<td align=\"LEFT\"><span style=\"font-size: medium;\">Stella Cantero Ferreira<br \/>\n<\/span><\/td>\n<\/tr>\n<tr>\n<td align=\"CENTER\" height=\"19\"><!--StartFragment--><span style=\"font-size: medium;\">145<\/span><!--EndFragment--><\/td>\n<td align=\"LEFT\"><!--StartFragment--><\/p>\n<table border=\"0\" cellspacing=\"0\">\n<tbody>\n<tr>\n<td align=\"LEFT\"><span style=\"font-size: medium;\"><a href=\"mailto:protocolo@uni.edu.py\">protocolo@uni.edu.py<\/a><\/span><\/td>\n<\/tr>\n<\/tbody>\n<\/table>\n<p><!--EndFragment--><\/td>\n<td align=\"LEFT\"><!--StartFragment--><span style=\"font-size: medium;\">Protocolo &#8211; Cooperaci\u00f3n Estudiantil<\/span><!--EndFragment--><\/td>\n<td align=\"LEFT\"><!--StartFragment--><span style=\"font-size: medium;\">Carmen Bogado &#8211; Arnaldo Ortiz<\/span><!--EndFragment--><\/td>\n<\/tr>\n<tr>\n<td align=\"CENTER\" height=\"19\"><!--StartFragment--><span style=\"font-size: medium;\">146<\/span><!--EndFragment--><\/td>\n<td align=\"LEFT\">\u00a0<!--StartFragment--><span style=\"font-size: medium;\"><a href=\"mailto:secretariageneral@uni.edu.py\">secretariageneral@uni.edu.py<\/a><\/span><!--EndFragment--><\/td>\n<td align=\"LEFT\"><!--StartFragment--><span style=\"font-size: medium;\">Doc. Estudiantil-Archivo<\/span><!--EndFragment--><span style=\"font-size: medium;\"><br \/>\n<\/span><\/td>\n<td align=\"LEFT\"><!--StartFragment--><span style=\"font-size: medium;\">Sandra Cristaldo<\/span><!--EndFragment--><\/td>\n<\/tr>\n<tr>\n<td align=\"CENTER\" height=\"36\"><!--StartFragment--><span style=\"font-size: medium;\">147<\/span><!--EndFragment--><\/td>\n<td align=\"LEFT\">\u00a0<!--StartFragment--><span style=\"font-size: medium;\"><a href=\"mailto:dcom@uni.edu.py\">dcom@uni.edu.py<\/a><\/span><!--EndFragment--><\/td>\n<td align=\"LEFT\"><!--StartFragment--><span style=\"font-size: medium;\">Dpto. de Comunicaci\u00f3n<\/span><!--EndFragment--><\/td>\n<td align=\"LEFT\">\u00a0<!--StartFragment--><span style=\"font-size: medium;\">Cristhian Balc\u00e1zar- Edil P\u00e1ez<\/span><!--EndFragment--> &#8211; <!--StartFragment--><span style=\"font-size: medium;\">Sintia Ortiz-Juan Brittos<\/span><!--EndFragment-->\u00a0\u00a0<!--StartFragment--><span style=\"font-size: medium;\">&#8211; Andrea Ganchozo<\/span><!--EndFragment--><\/td>\n<\/tr>\n<tr>\n<td align=\"CENTER\" height=\"36\"><!--StartFragment--><span style=\"font-size: medium;\">147<\/span><!--EndFragment--><\/td>\n<td align=\"LEFT\">\u00a0<!--StartFragment--><span style=\"font-size: medium;\"><a href=\"mailto:alezcano@uni.edu.py\">alezcano@uni.edu.py<\/a><\/span><!--EndFragment--><\/td>\n<td align=\"LEFT\"><!--StartFragment--><span style=\"font-size: medium;\">Webmaster Dcom<\/span><!--EndFragment--><\/td>\n<td align=\"LEFT\"><!--StartFragment--> <span style=\"font-size: medium;\">Francisco Amarilla<\/span><!--EndFragment--><\/td>\n<\/tr>\n<tr>\n<td align=\"CENTER\" height=\"19\"><!--StartFragment--><span style=\"font-size: medium;\">148<\/span><!--EndFragment--><\/td>\n<td align=\"LEFT\">\u00a0<!--StartFragment--><span style=\"font-size: medium;\"><a href=\"mailto:rector@uni.edu.py\">rector@uni.edu.py<\/a><\/span><!--EndFragment--><\/td>\n<td align=\"LEFT\"><!--StartFragment--><span style=\"font-size: medium;\">Gabinete del Rector<\/span><!--EndFragment--><\/td>\n<td align=\"LEFT\">\u00a0<!--StartFragment--><span style=\"font-size: medium;\">Miguel Romero<\/span><!--EndFragment--><\/td>\n<\/tr>\n<tr>\n<td align=\"CENTER\" height=\"19\"><!--StartFragment--><span style=\"font-size: medium;\">204<\/span><!--EndFragment--><\/td>\n<td align=\"LEFT\">\u00a0<!--StartFragment--><span style=\"font-size: medium;\"><a href=\"mailto:controlyprocedimiento@uni.edu.py\">controlyprocedimiento@uni.edu.py<\/a><\/span><!--EndFragment--><\/td>\n<td align=\"LEFT\"><!--StartFragment--><span style=\"font-size: medium;\">Control y Procedimiento<\/span><!--EndFragment--><\/td>\n<td align=\"LEFT\"><!--StartFragment--><span style=\"font-size: medium;\">Ver\u00f3nica Arapayu-Sandra Ch\u00e1vez-Mirian Aquino<\/span><!--EndFragment--><span style=\"font-size: medium;\"><br \/>\n<\/span><\/td>\n<\/tr>\n<tr>\n<td align=\"CENTER\" height=\"36\"><!--StartFragment--><span style=\"font-size: medium;\">205<\/span><!--EndFragment--><\/td>\n<td align=\"LEFT\">\u00a0<!--StartFragment--><span style=\"font-size: medium;\"><a href=\"mailto:mecip@uni.edu.py\">mecip@uni.edu.py<\/a><\/span><!--EndFragment--><\/td>\n<td align=\"LEFT\"><!--StartFragment--><span style=\"font-size: medium;\">MECIP<\/span><!--EndFragment--><\/td>\n<td align=\"LEFT\"><!--StartFragment--><span style=\"font-size: medium;\">Carmen Romero<\/span><!--EndFragment--><\/td>\n<\/tr>\n<tr>\n<td align=\"CENTER\" height=\"19\"><!--StartFragment--><span style=\"font-size: medium;\">140-207184<\/span><!--EndFragment--><\/td>\n<td align=\"LEFT\">\u00a0<!--StartFragment--><span style=\"font-size: medium;\"><a href=\"mailto:uoc@uni.edu.py\">uoc@uni.edu.py<\/a><\/span><!--EndFragment--><\/td>\n<td align=\"LEFT\"><!--StartFragment--><span style=\"font-size: medium;\">U.O.C<\/span><!--EndFragment--><\/td>\n<td align=\"LEFT\"><!--StartFragment--><span style=\"font-size: medium;\">Zully Lopez<\/span><!--EndFragment--><\/td>\n<\/tr>\n<tr>\n<td align=\"CENTER\" height=\"36\"><!--StartFragment--><span style=\"font-size: medium;\">149-202<\/span><!--EndFragment--><\/td>\n<td align=\"LEFT\">\u00a0<!--StartFragment--><span style=\"font-size: medium;\"><a href=\"mailto:rector@uni.edu.py\">rector@uni.edu.py<\/a><\/span><!--EndFragment--><\/td>\n<td align=\"LEFT\"><!--StartFragment--><span style=\"font-size: medium;\">Secretaria Privada del Rector<\/span><!--EndFragment--><\/td>\n<td align=\"LEFT\"><!--StartFragment--><span style=\"font-size: medium;\">Ingrid Paredes<\/span><!--EndFragment--><\/td>\n<\/tr>\n<tr>\n<td align=\"CENTER\" height=\"36\"><!--StartFragment--><span style=\"font-size: medium;\">302<\/span><!--EndFragment--><\/td>\n<td align=\"LEFT\"><\/td>\n<td align=\"LEFT\"><!--StartFragment--><span style=\"font-size: medium;\">Direcci\u00f3n Financiera<\/span><!--EndFragment--><\/td>\n<td align=\"LEFT\"><!--StartFragment--><span style=\"font-size: medium;\">Oraida \u00dabeda de Gam\u00f3n<\/span><!--EndFragment--><span style=\"font-size: medium;\"><br \/>\n<\/span><\/td>\n<\/tr>\n<\/tbody>\n<\/table>\n","protected":false},"excerpt":{"rendered":"<p>Interno Email Secci\u00f3n Funcionario 101 \u00a0 Operadora Cintia Rojas Aranda 102 rector@uni.edu.py Rector Prof. Ing. Hildegardo Gonz\u00e1lez Irala 103 vicerrectora@uni.edu.py Vicerrectorado Prof. Dra. Yilda Ag\u00fcero de Talavera 104 planificacion@uni.edu.py Dpto. T\u00e9cnico de Planificaci\u00f3n Edith P\u00e1ez- Mirian Mor\u00ednigo-Roberto Novosad-Daiane Schalenberger-Blas Soto 105 planificacion@uni.edu.py Direcci\u00f3n de Planificaci\u00f3n Javier Palacios 106 posgrado@uni.edu.py Direcci\u00f3n de Posgrado Perla Sosa-Gloria Gonz\u00e1lez [&hellip;]<\/p>\n","protected":false},"author":1,"featured_media":0,"parent":0,"menu_order":0,"comment_status":"open","ping_status":"open","template":"","meta":[],"_links":{"self":[{"href":"https:\/\/archivo.uni.edu.py\/2014-2017\/wp-json\/wp\/v2\/pages\/1678"}],"collection":[{"href":"https:\/\/archivo.uni.edu.py\/2014-2017\/wp-json\/wp\/v2\/pages"}],"about":[{"href":"https:\/\/archivo.uni.edu.py\/2014-2017\/wp-json\/wp\/v2\/types\/page"}],"author":[{"embeddable":true,"href":"https:\/\/archivo.uni.edu.py\/2014-2017\/wp-json\/wp\/v2\/users\/1"}],"replies":[{"embeddable":true,"href":"https:\/\/archivo.uni.edu.py\/2014-2017\/wp-json\/wp\/v2\/comments?post=1678"}],"version-history":[{"count":13,"href":"https:\/\/archivo.uni.edu.py\/2014-2017\/wp-json\/wp\/v2\/pages\/1678\/revisions"}],"predecessor-version":[{"id":29497,"href":"https:\/\/archivo.uni.edu.py\/2014-2017\/wp-json\/wp\/v2\/pages\/1678\/revisions\/29497"}],"wp:attachment":[{"href":"https:\/\/archivo.uni.edu.py\/2014-2017\/wp-json\/wp\/v2\/media?parent=1678"}],"curies":[{"name":"wp","href":"https:\/\/api.w.org\/{rel}","templated":true}]}}