{"id":1519,"date":"2013-09-23T13:14:34","date_gmt":"2013-09-23T13:14:34","guid":{"rendered":"http:\/\/uni.edu.py\/?page_id=1519"},"modified":"2014-01-14T12:39:20","modified_gmt":"2014-01-14T12:39:20","slug":"construccion-sede-mayor-otano","status":"publish","type":"page","link":"https:\/\/archivo.uni.edu.py\/2014-2017\/direccion-de-planificaciones\/construccion-sede-mayor-otano\/","title":{"rendered":"Construcci\u00f3n \u2013 Sede Mayor Ota\u00f1o"},"content":{"rendered":"<h2 align=\"JUSTIFY\">Fiscalizaci\u00f3n en conjunto con la Gobernaci\u00f3n de Itap\u00faa<\/h2>\n<p style=\"text-align: justify;\" align=\"JUSTIFY\">En la ciudad de Mayor Ota\u00f1o, est\u00e1 siendo construida la Filial de la Universidad Nacional de Itap\u00faa, la facultad de Ciencias y Tecnolog\u00eda implementar\u00e1 el funcionamiento de la Carrera de Licenciatura en Alimento, con \u00e9nfasis en c\u00edtricos y hierbas medicinales. La obra se encuentra en su etapa de terminaciones para el bloque de aulas, laboratorio y sanitarios, el bloque del sector administrativo y acad\u00e9mico se encuentra en etapa de cerramiento de techo, as\u00ed mismo las galer\u00edas de circulaci\u00f3n tambi\u00e9n ya se encuentran techadas y finiquitando revoque y piso.<\/p>\n<h3 style=\"text-align: center;\" align=\"JUSTIFY\">Vistas 3D de la Futura Sede<\/h3>\n\n\t\t<style type=\"text\/css\">\n\t\t\t#gallery-1 {\n\t\t\t\tmargin: auto;\n\t\t\t}\n\t\t\t#gallery-1 .gallery-item {\n\t\t\t\tfloat: left;\n\t\t\t\tmargin-top: 10px;\n\t\t\t\ttext-align: center;\n\t\t\t\twidth: 33%;\n\t\t\t}\n\t\t\t#gallery-1 img {\n\t\t\t\tborder: 2px solid #cfcfcf;\n\t\t\t}\n\t\t\t#gallery-1 .gallery-caption {\n\t\t\t\tmargin-left: 0;\n\t\t\t}\n\t\t\t\/* see gallery_shortcode() in wp-includes\/media.php *\/\n\t\t<\/style>\n\t\t<div id='gallery-1' class='gallery galleryid-1519 gallery-columns-3 gallery-size-thumbnail'><dl class='gallery-item'>\n\t\t\t<dt class='gallery-icon landscape'>\n\t\t\t\t<a href='https:\/\/archivo.uni.edu.py\/2014-2017\/direccion-de-planificaciones\/construccion-sede-mayor-otano\/foto-7\/'><img width=\"150\" height=\"150\" src=\"https:\/\/archivo.uni.edu.py\/2014-2017\/wp-content\/uploads\/2013\/09\/foto-7-150x150.jpg\" class=\"attachment-thumbnail size-thumbnail\" alt=\"\" decoding=\"async\" loading=\"lazy\" srcset=\"https:\/\/archivo.uni.edu.py\/2014-2017\/wp-content\/uploads\/2013\/09\/foto-7-150x150.jpg 150w, https:\/\/archivo.uni.edu.py\/2014-2017\/wp-content\/uploads\/2013\/09\/foto-7-192x192.jpg 192w\" sizes=\"(max-width: 150px) 100vw, 150px\" \/><\/a>\n\t\t\t<\/dt><\/dl><dl class='gallery-item'>\n\t\t\t<dt class='gallery-icon landscape'>\n\t\t\t\t<a href='https:\/\/archivo.uni.edu.py\/2014-2017\/direccion-de-planificaciones\/construccion-sede-mayor-otano\/sketchup_11\/'><img width=\"150\" height=\"150\" src=\"https:\/\/archivo.uni.edu.py\/2014-2017\/wp-content\/uploads\/2013\/09\/sketchup_11-150x150.jpg\" class=\"attachment-thumbnail size-thumbnail\" alt=\"\" decoding=\"async\" loading=\"lazy\" srcset=\"https:\/\/archivo.uni.edu.py\/2014-2017\/wp-content\/uploads\/2013\/09\/sketchup_11-150x150.jpg 150w, https:\/\/archivo.uni.edu.py\/2014-2017\/wp-content\/uploads\/2013\/09\/sketchup_11-192x192.jpg 192w\" sizes=\"(max-width: 150px) 100vw, 150px\" \/><\/a>\n\t\t\t<\/dt><\/dl><dl class='gallery-item'>\n\t\t\t<dt class='gallery-icon landscape'>\n\t\t\t\t<a href='https:\/\/archivo.uni.edu.py\/2014-2017\/direccion-de-planificaciones\/construccion-sede-mayor-otano\/foto-4\/'><img width=\"150\" height=\"150\" src=\"https:\/\/archivo.uni.edu.py\/2014-2017\/wp-content\/uploads\/2013\/09\/foto-4-150x150.jpg\" class=\"attachment-thumbnail size-thumbnail\" alt=\"\" decoding=\"async\" loading=\"lazy\" srcset=\"https:\/\/archivo.uni.edu.py\/2014-2017\/wp-content\/uploads\/2013\/09\/foto-4-150x150.jpg 150w, https:\/\/archivo.uni.edu.py\/2014-2017\/wp-content\/uploads\/2013\/09\/foto-4-192x192.jpg 192w\" sizes=\"(max-width: 150px) 100vw, 150px\" \/><\/a>\n\t\t\t<\/dt><\/dl><br style=\"clear: both\" \/>\n\t\t<\/div>\n\n","protected":false},"excerpt":{"rendered":"<p>Fiscalizaci\u00f3n en conjunto con la Gobernaci\u00f3n de Itap\u00faa En la ciudad de Mayor Ota\u00f1o, est\u00e1 siendo construida la Filial de la Universidad Nacional de Itap\u00faa, la facultad de Ciencias y Tecnolog\u00eda implementar\u00e1 el funcionamiento de la Carrera de Licenciatura en Alimento, con \u00e9nfasis en c\u00edtricos y hierbas medicinales. La obra se encuentra en su etapa [&hellip;]<\/p>\n","protected":false},"author":1,"featured_media":1514,"parent":684,"menu_order":0,"comment_status":"open","ping_status":"closed","template":"","meta":[],"_links":{"self":[{"href":"https:\/\/archivo.uni.edu.py\/2014-2017\/wp-json\/wp\/v2\/pages\/1519"}],"collection":[{"href":"https:\/\/archivo.uni.edu.py\/2014-2017\/wp-json\/wp\/v2\/pages"}],"about":[{"href":"https:\/\/archivo.uni.edu.py\/2014-2017\/wp-json\/wp\/v2\/types\/page"}],"author":[{"embeddable":true,"href":"https:\/\/archivo.uni.edu.py\/2014-2017\/wp-json\/wp\/v2\/users\/1"}],"replies":[{"embeddable":true,"href":"https:\/\/archivo.uni.edu.py\/2014-2017\/wp-json\/wp\/v2\/comments?post=1519"}],"version-history":[{"count":8,"href":"https:\/\/archivo.uni.edu.py\/2014-2017\/wp-json\/wp\/v2\/pages\/1519\/revisions"}],"predecessor-version":[{"id":4063,"href":"https:\/\/archivo.uni.edu.py\/2014-2017\/wp-json\/wp\/v2\/pages\/1519\/revisions\/4063"}],"up":[{"embeddable":true,"href":"https:\/\/archivo.uni.edu.py\/2014-2017\/wp-json\/wp\/v2\/pages\/684"}],"wp:featuredmedia":[{"embeddable":true,"href":"https:\/\/archivo.uni.edu.py\/2014-2017\/wp-json\/wp\/v2\/media\/1514"}],"wp:attachment":[{"href":"https:\/\/archivo.uni.edu.py\/2014-2017\/wp-json\/wp\/v2\/media?parent=1519"}],"curies":[{"name":"wp","href":"https:\/\/api.w.org\/{rel}","templated":true}]}}