{"id":1368,"date":"2013-09-19T18:37:36","date_gmt":"2013-09-19T18:37:36","guid":{"rendered":"http:\/\/uni.edu.py\/?page_id=1368"},"modified":"2013-11-14T15:08:56","modified_gmt":"2013-11-14T15:08:56","slug":"bloque-7-campus-encarnacion","status":"publish","type":"page","link":"https:\/\/archivo.uni.edu.py\/2014-2017\/direccion-de-planificaciones\/bloque-7-campus-encarnacion\/","title":{"rendered":"Bloque 7 &#8211; Campus Encarnaci\u00f3n"},"content":{"rendered":"<p style=\"text-align: justify;\"><span style=\"font-size: 13px;\">La licitaci\u00f3n 02\/2013 \u201cConstrucci\u00f3n del Hall Central y 2do piso-Bloque7\u201d en etapa de construcci\u00f3n, es una obra de gran envergadura abordando espacios de vol\u00famenes imponentes como el hall de acceso con su planta libre y una altura en tres niveles.<\/span><\/p>\n<p align=\"JUSTIFY\"><a href=\"http:\/\/archivo.uni.edu.py\/2014-2017\/wp-content\/uploads\/2013\/08\/02_Escalera-Acceso-Bloque-7.jpg\"><img decoding=\"async\" loading=\"lazy\" title=\"02_Escalera Acceso Bloque 7\" alt=\"02_Escalera Acceso Bloque 7\" src=\"http:\/\/archivo.uni.edu.py\/2014-2017\/wp-content\/uploads\/2013\/08\/02_Escalera-Acceso-Bloque-7-300x225.jpg\" width=\"210\" height=\"158\" \/><\/a><a href=\"http:\/\/archivo.uni.edu.py\/2014-2017\/wp-content\/uploads\/2013\/08\/03_Techo-Acceso-Bloque-7.jpg\"><img decoding=\"async\" loading=\"lazy\" title=\"03_Techo Acceso Bloque 7\" alt=\"03_Techo Acceso Bloque 7\" src=\"http:\/\/archivo.uni.edu.py\/2014-2017\/wp-content\/uploads\/2013\/08\/03_Techo-Acceso-Bloque-7-300x225.jpg\" width=\"210\" height=\"158\" \/><\/a><a href=\"http:\/\/archivo.uni.edu.py\/2014-2017\/wp-content\/uploads\/2013\/08\/04_Rampa-de-acceso-a-Bloque-7.jpg\"><img decoding=\"async\" loading=\"lazy\" title=\"04_Rampa de acceso a Bloque 7\" alt=\"04_Rampa de acceso a Bloque 7\" src=\"http:\/\/archivo.uni.edu.py\/2014-2017\/wp-content\/uploads\/2013\/08\/04_Rampa-de-acceso-a-Bloque-7-300x225.jpg\" width=\"210\" height=\"158\" \/><\/a><\/p>\n<p align=\"JUSTIFY\">El avance de la obra iniciada en julio 2013 se verifica en la planta baja donde se ha concluido el acceso al bloque desde el patio frontal del campus y la facultad de Ciencias Econ\u00f3micas y Administrativas donde la escalera ha adquirido una imagen mejorada, construy\u00e9ndose muros laterales en piedra a la vista y pasamanos seg\u00fan Normas INTN, de Accesibilidad CTN 45. En el mismo acceso completa la fachada un techo de policarbonato con estructura met\u00e1lica. Completando el acceso se construyo una rampa y camineros perimetrales que servir\u00e1n para los peatones que llegan hasta el sitio seg\u00fan necesidades, ya sea como funcionarios o estudiantes, as\u00ed como asistentes a eventos que se desarrollan en el aula magna, durante la construcci\u00f3n de la obra.<\/p>\n<p align=\"JUSTIFY\">Completando las obras en el sector del bloque del ala sur, actualmente existente, se concluye las terminaciones de la escalera, con pasamanos seg\u00fan normas de accesibilidad y piso cer\u00e1mico.<\/p>\n<p style=\"text-align: center;\" align=\"JUSTIFY\"><a href=\"http:\/\/archivo.uni.edu.py\/2014-2017\/wp-content\/uploads\/2013\/08\/05_Bloque-7-Encofrado-1er-piso.jpg\"><img decoding=\"async\" loading=\"lazy\" class=\"aligncenter\" title=\"05_Bloque 7 - Encofrado 1er piso\" alt=\"05_Bloque 7 - Encofrado 1er piso\" src=\"http:\/\/archivo.uni.edu.py\/2014-2017\/wp-content\/uploads\/2013\/08\/05_Bloque-7-Encofrado-1er-piso.jpg\" width=\"600\" height=\"450\" \/><\/a><\/p>\n<p align=\"JUSTIFY\">Siguiendo el cronograma de obras la primera etapa en desarrollo incluye el primer piso, ya construido, espacio que alberga las oficinas de la INCUNI, en planta libre que ser\u00e1n divididas con mamparas adecuadas para el uso de las oficinas de la Incubadora de Empresas, las dependencias de los profesores investigadores y un sector para sala de reuniones y recepci\u00f3n que servir\u00e1 de apoyo al aula magna, la construcci\u00f3n de mamposter\u00eda de cerramiento y revoques, encofrado, hormigonado y desencofrado para la losa de un sector que estaba inconclusa y sus columnas respectivas.<\/p>\n<p style=\"text-align: center;\"><a href=\"http:\/\/archivo.uni.edu.py\/2014-2017\/wp-content\/uploads\/2013\/09\/06_-Bloque-7-Cerramiento-de-Mamposteria.jpg\"><img decoding=\"async\" loading=\"lazy\" class=\"aligncenter\" alt=\"06_ Bloque 7 Cerramiento de Mamposteria\" src=\"http:\/\/archivo.uni.edu.py\/2014-2017\/wp-content\/uploads\/2013\/09\/06_-Bloque-7-Cerramiento-de-Mamposteria.jpg\" width=\"600\" height=\"450\" \/><\/a><\/p>\n<p style=\"text-align: justify;\">En una segunda etapa se dar\u00e1 lugar a la construcci\u00f3n de la fundaci\u00f3n del hall de acceso central y el levantamiento de la estructura postensada para luego seguir con los detalles de cerramiento en mamposter\u00eda y materiales como el cristal, metal, piedra y granito. En esta etapa tambi\u00e9n se proceder\u00e1 a la estructura del encadenado superior y canal\u00f3n que culmina con el cerramiento del techo en el ala sur y el hall de acceso, que se distingue por sus chapas translucidas en el \u00e1rea del acceso principal.<\/p>\n<h3 style=\"text-align: center;\">Avances de la obra, actualizados al d\u00eda 14 de noviembre del 2014<\/h3>\n<figure class=\"figure aligncenter\"><img decoding=\"async\" loading=\"lazy\" title=\"Avance El 2do piso, ala sur, Bloque 7\" alt=\"Avance El 2do piso, ala sur, Bloque 7\" src=\"http:\/\/archivo.uni.edu.py\/2014-2017\/wp-content\/uploads\/2013\/09\/P1000023.jpg\" width=\"600\" height=\"450\" \/><figcaption>El 2do piso, ala sur, encofrado<\/figcaption><\/figure>\n<figure class=\"figure aligncenter\"><img decoding=\"async\" loading=\"lazy\" title=\"Avance Bloque 7: Pilares y vigas terminados\" alt=\"Avance Bloque 7: Pilares y vigas terminados\" src=\"http:\/\/archivo.uni.edu.py\/2014-2017\/wp-content\/uploads\/2013\/09\/P1000013.jpg\" width=\"600\" height=\"450\" \/><figcaption>Pilares y vigas terminados<\/figcaption><\/figure>\n<p style=\"text-align: center;\">\n","protected":false},"excerpt":{"rendered":"<p>La licitaci\u00f3n 02\/2013 \u201cConstrucci\u00f3n del Hall Central y 2do piso-Bloque7\u201d en etapa de construcci\u00f3n, es una obra de gran envergadura abordando espacios de vol\u00famenes imponentes como el hall de acceso con su planta libre y una altura en tres niveles. El avance de la obra iniciada en julio 2013 se verifica en la planta baja [&hellip;]<\/p>\n","protected":false},"author":1,"featured_media":1367,"parent":684,"menu_order":0,"comment_status":"open","ping_status":"closed","template":"","meta":[],"_links":{"self":[{"href":"https:\/\/archivo.uni.edu.py\/2014-2017\/wp-json\/wp\/v2\/pages\/1368"}],"collection":[{"href":"https:\/\/archivo.uni.edu.py\/2014-2017\/wp-json\/wp\/v2\/pages"}],"about":[{"href":"https:\/\/archivo.uni.edu.py\/2014-2017\/wp-json\/wp\/v2\/types\/page"}],"author":[{"embeddable":true,"href":"https:\/\/archivo.uni.edu.py\/2014-2017\/wp-json\/wp\/v2\/users\/1"}],"replies":[{"embeddable":true,"href":"https:\/\/archivo.uni.edu.py\/2014-2017\/wp-json\/wp\/v2\/comments?post=1368"}],"version-history":[{"count":16,"href":"https:\/\/archivo.uni.edu.py\/2014-2017\/wp-json\/wp\/v2\/pages\/1368\/revisions"}],"predecessor-version":[{"id":3071,"href":"https:\/\/archivo.uni.edu.py\/2014-2017\/wp-json\/wp\/v2\/pages\/1368\/revisions\/3071"}],"up":[{"embeddable":true,"href":"https:\/\/archivo.uni.edu.py\/2014-2017\/wp-json\/wp\/v2\/pages\/684"}],"wp:featuredmedia":[{"embeddable":true,"href":"https:\/\/archivo.uni.edu.py\/2014-2017\/wp-json\/wp\/v2\/media\/1367"}],"wp:attachment":[{"href":"https:\/\/archivo.uni.edu.py\/2014-2017\/wp-json\/wp\/v2\/media?parent=1368"}],"curies":[{"name":"wp","href":"https:\/\/api.w.org\/{rel}","templated":true}]}}